CRAN Package Check Results for Package SLBDD

Last updated on 2021-09-28 05:48:56 CEST.

Flavor Version Tinstall Tcheck Ttotal Status Flags
r-devel-linux-x86_64-debian-clang 0.0.2 49.10 260.28 309.38 OK
r-devel-linux-x86_64-debian-gcc 0.0.2 42.65 189.96 232.61 OK
r-devel-linux-x86_64-fedora-clang 0.0.2 405.67 NOTE
r-devel-linux-x86_64-fedora-gcc 0.0.2 374.14 NOTE
r-devel-windows-x86_64 0.0.2 53.00 212.00 265.00 NOTE
r-devel-windows-x86_64-gcc10-UCRT 0.0.2 NOTE
r-patched-linux-x86_64 0.0.2 47.32 247.39 294.71 OK
r-patched-solaris-x86 0.0.2 549.10 NOTE
r-release-linux-x86_64 0.0.2 48.44 245.59 294.03 OK
r-release-macos-arm64 0.0.2 NOTE
r-release-macos-x86_64 0.0.2 NOTE
r-release-windows-ix86+x86_64 0.0.2 82.00 295.00 377.00 NOTE
r-oldrel-macos-x86_64 0.0.2 NOTE
r-oldrel-windows-ix86+x86_64 0.0.2 65.00 211.00 276.00 NOTE

Check Details

Version: 0.0.2
Check: installed package size
Result: NOTE
     installed size is 5.0Mb
     sub-directories of 1Mb or more:
     data 4.6Mb
Flavors: r-devel-linux-x86_64-fedora-clang, r-devel-windows-x86_64, r-patched-solaris-x86, r-release-macos-arm64, r-release-macos-x86_64, r-release-windows-ix86+x86_64, r-oldrel-macos-x86_64, r-oldrel-windows-ix86+x86_64

Version: 0.0.2
Check: data for non-ASCII characters
Result: NOTE
     Note: found 23 marked UTF-8 strings
Flavors: r-devel-linux-x86_64-fedora-clang, r-devel-linux-x86_64-fedora-gcc, r-devel-windows-x86_64-gcc10-UCRT, r-patched-solaris-x86, r-release-macos-arm64, r-release-macos-x86_64, r-oldrel-macos-x86_64