CRAN Package Check Results for Package SLEMI

Last updated on 2021-06-23 05:49:43 CEST.

Flavor Version Tinstall Tcheck Ttotal Status Flags
r-devel-linux-x86_64-debian-clang 1.0.1 4.67 80.02 84.69 OK
r-devel-linux-x86_64-debian-gcc 1.0.1 3.77 58.27 62.04 OK
r-devel-linux-x86_64-fedora-clang 1.0.1 107.21 OK
r-devel-linux-x86_64-fedora-gcc 1.0.1 99.30 OK
r-devel-windows-x86_64 1.0.1 8.00 105.00 113.00 OK
r-devel-windows-x86_64-gcc10-UCRT 1.0.1 NOTE
r-patched-linux-x86_64 1.0.1 5.08 75.51 80.59 OK
r-patched-solaris-x86 1.0.1 139.90 OK
r-release-linux-x86_64 1.0.1 5.14 76.45 81.59 OK
r-release-macos-arm64 1.0.1 OK
r-release-macos-x86_64 1.0.1 OK
r-release-windows-ix86+x86_64 1.0.1 7.00 78.00 85.00 OK
r-oldrel-macos-x86_64 1.0.1 OK

Check Details

Version: 1.0.1
Check: package dependencies
Result: NOTE
    Package suggested but not available for checking: 'covr'
Flavor: r-devel-windows-x86_64-gcc10-UCRT