CRAN Package Check Results for Package SLOPE

Last updated on 2019-06-25 05:49:04 CEST.

Flavor Version Tinstall Tcheck Ttotal Status Flags
r-devel-linux-x86_64-debian-clang 0.1.3 13.58 29.51 43.09 OK
r-devel-linux-x86_64-debian-gcc 0.1.3 10.17 23.39 33.56 OK
r-devel-linux-x86_64-fedora-clang 0.1.3 59.57 NOTE
r-devel-linux-x86_64-fedora-gcc 0.1.3 53.16 NOTE
r-devel-windows-ix86+x86_64 0.1.3 49.00 83.00 132.00 OK
r-patched-linux-x86_64 0.1.3 13.55 29.12 42.67 OK
r-patched-solaris-x86 0.1.3 86.50 OK
r-release-linux-x86_64 0.1.3 12.62 29.38 42.00 OK
r-release-windows-ix86+x86_64 0.1.3 29.00 82.00 111.00 OK
r-release-osx-x86_64 0.1.3 OK
r-oldrel-windows-ix86+x86_64 0.1.3 26.00 53.00 79.00 OK
r-oldrel-osx-x86_64 0.1.3 OK

Check Details

Version: 0.1.3
Check: compiled code
Result: NOTE
    File ‘SLOPE/libs/SLOPE.so’:
     Found no calls to: ‘R_registerRoutines’, ‘R_useDynamicSymbols’
    
    It is good practice to register native routines and to disable symbol
    search.
    
    See ‘Writing portable packages’ in the ‘Writing R Extensions’ manual.
Flavors: r-devel-linux-x86_64-fedora-clang, r-devel-linux-x86_64-fedora-gcc