CRAN Package Check Results for Package SLOPE

Last updated on 2019-09-20 05:47:06 CEST.

Flavor Version Tinstall Tcheck Ttotal Status Flags
r-devel-linux-x86_64-debian-clang 0.1.3 14.02 29.04 43.06 OK
r-devel-linux-x86_64-debian-gcc 0.1.3 9.86 22.84 32.70 OK
r-devel-linux-x86_64-fedora-clang 0.1.3 60.84 NOTE
r-devel-linux-x86_64-fedora-gcc 0.1.3 56.43 NOTE
r-devel-windows-ix86+x86_64 0.1.3 41.00 64.00 105.00 OK
r-patched-linux-x86_64 0.1.3 11.31 28.40 39.71 OK
r-patched-solaris-x86 0.1.3 81.40 OK
r-release-linux-x86_64 0.1.3 12.28 28.62 40.90 OK
r-release-windows-ix86+x86_64 0.1.3 28.00 63.00 91.00 OK
r-release-osx-x86_64 0.1.3 OK
r-oldrel-windows-ix86+x86_64 0.1.3 25.00 55.00 80.00 OK
r-oldrel-osx-x86_64 0.1.3 OK

Check Details

Version: 0.1.3
Check: compiled code
Result: NOTE
    File ‘SLOPE/libs/SLOPE.so’:
     Found no calls to: ‘R_registerRoutines’, ‘R_useDynamicSymbols’
    
    It is good practice to register native routines and to disable symbol
    search.
    
    See ‘Writing portable packages’ in the ‘Writing R Extensions’ manual.
Flavors: r-devel-linux-x86_64-fedora-clang, r-devel-linux-x86_64-fedora-gcc