CRAN Package Check Results for Package SLOPE

Last updated on 2022-12-02 05:55:29 CET.

Flavor Version Tinstall Tcheck Ttotal Status Flags
r-devel-linux-x86_64-debian-clang 0.5.0 188.51 189.48 377.99 OK
r-devel-linux-x86_64-debian-gcc 0.5.0 148.77 136.59 285.36 OK
r-devel-linux-x86_64-fedora-clang 0.5.0 536.09 NOTE
r-devel-linux-x86_64-fedora-gcc 0.5.0 484.98 NOTE
r-devel-windows-x86_64 0.5.0 159.00 268.00 427.00 OK
r-patched-linux-x86_64 0.5.0 152.21 177.99 330.20 OK
r-release-linux-x86_64 0.5.0 144.74 173.68 318.42 OK
r-release-macos-arm64 0.5.0 131.00 NOTE
r-release-macos-x86_64 0.5.0 159.00 NOTE
r-release-windows-x86_64 0.5.0 156.00 265.00 421.00 OK
r-oldrel-macos-arm64 0.5.0 133.00 NOTE
r-oldrel-macos-x86_64 0.5.0 158.00 NOTE
r-oldrel-windows-ix86+x86_64 0.5.0 440.00 390.00 830.00 OK

Check Details

Version: 0.5.0
Check: dependencies in R code
Result: NOTE
    Namespaces in Imports field not imported from:
     ‘checkmate’ ‘glmnet’ ‘mice’
     All declared Imports should be used.
Flavors: r-devel-linux-x86_64-fedora-clang, r-devel-linux-x86_64-fedora-gcc, r-release-macos-arm64, r-release-macos-x86_64, r-oldrel-macos-arm64, r-oldrel-macos-x86_64

Version: 0.5.0
Check: installed package size
Result: NOTE
     installed size is 9.4Mb
     sub-directories of 1Mb or more:
     libs 8.9Mb
Flavors: r-release-macos-arm64, r-release-macos-x86_64, r-oldrel-macos-arm64, r-oldrel-macos-x86_64