CRAN Package Check Results for Package SMDIC

Last updated on 2021-12-07 05:55:19 CET.

Flavor Version Tinstall Tcheck Ttotal Status Flags
r-devel-linux-x86_64-debian-clang 0.1.3 46.36 438.08 484.44 OK
r-devel-linux-x86_64-debian-gcc 0.1.3 40.15 339.09 379.24 OK
r-devel-linux-x86_64-fedora-clang 0.1.3 605.90 NOTE
r-devel-linux-x86_64-fedora-gcc 0.1.3 626.78 NOTE
r-devel-windows-x86_64-new-UL 0.1.3 73.00 503.00 576.00 OK
r-devel-windows-x86_64-new-TK 0.1.3 NOTE
r-devel-windows-x86_64-old 0.1.3 72.00 490.00 562.00 OK
r-patched-linux-x86_64 0.1.3 44.40 419.84 464.24 OK
r-release-linux-x86_64 0.1.3 42.18 420.96 463.14 OK
r-release-macos-arm64 0.1.3 NOTE
r-release-macos-x86_64 0.1.3 NOTE
r-release-windows-ix86+x86_64 0.1.3 113.00 480.00 593.00 OK
r-oldrel-macos-x86_64 0.1.3 ERROR
r-oldrel-windows-ix86+x86_64 0.1.3 91.00 395.00 486.00 OK

Check Details

Version: 0.1.3
Check: dependencies in R code
Result: NOTE
    Namespace in Imports field not imported from: ‘quadprog’
     All declared Imports should be used.
Flavors: r-devel-linux-x86_64-fedora-clang, r-devel-linux-x86_64-fedora-gcc, r-devel-windows-x86_64-new-TK, r-release-macos-arm64, r-release-macos-x86_64

Version: 0.1.3
Check: package dependencies
Result: ERROR
    Package required but not available: ‘maftools’
    
    See section ‘The DESCRIPTION file’ in the ‘Writing R Extensions’
    manual.
Flavor: r-oldrel-macos-x86_64