CRAN Package Check Results for Package SPODT

Last updated on 2021-11-29 05:49:59 CET.

Flavor Version Tinstall Tcheck Ttotal Status Flags
r-devel-linux-x86_64-debian-clang 0.9-1 NOTE
r-devel-linux-x86_64-debian-gcc 0.9-1 5.65 59.18 64.83 NOTE
r-devel-linux-x86_64-fedora-clang 0.9-1 120.05 NOTE
r-devel-linux-x86_64-fedora-gcc 0.9-1 103.84 NOTE
r-devel-windows-x86_64-new-UL 0.9-1 16.00 125.00 141.00 NOTE
r-devel-windows-x86_64-new-TK 0.9-1 NOTE
r-devel-windows-x86_64-old 0.9-1 8.00 87.00 95.00 NOTE
r-patched-linux-x86_64 0.9-1 7.74 75.18 82.92 NOTE
r-patched-solaris-x86 0.9-1 140.40 NOTE
r-release-linux-x86_64 0.9-1 6.17 73.93 80.10 NOTE
r-release-macos-arm64 0.9-1 NOTE
r-release-macos-x86_64 0.9-1 NOTE
r-release-windows-ix86+x86_64 0.9-1 15.00 106.00 121.00 NOTE
r-oldrel-macos-x86_64 0.9-1 NOTE
r-oldrel-windows-ix86+x86_64 0.9-1 12.00 145.00 157.00 NOTE

Check Details

Version: 0.9-1
Check: DESCRIPTION meta-information
Result: NOTE
    Malformed Description field: should contain one or more complete sentences.
Flavors: r-devel-linux-x86_64-debian-clang, r-devel-linux-x86_64-debian-gcc, r-devel-linux-x86_64-fedora-clang, r-devel-linux-x86_64-fedora-gcc, r-devel-windows-x86_64-new-UL, r-devel-windows-x86_64-new-TK, r-devel-windows-x86_64-old, r-patched-linux-x86_64, r-patched-solaris-x86, r-release-linux-x86_64, r-release-macos-arm64, r-release-macos-x86_64, r-release-windows-ix86+x86_64, r-oldrel-macos-x86_64, r-oldrel-windows-ix86+x86_64

Version: 0.9-1
Check: R code for possible problems
Result: NOTE
    R2.global: no visible global function definition for 'var'
    calculer.var.exp: no visible global function definition for 'var'
    creer.noeud: no visible global function definition for 'var'
    ponderer.classe: no visible global function definition for 'var'
    ponderer.classe: no visible global function definition for 'cov'
    spodt: no visible global function definition for 'model.frame'
    spodt.tree: no visible global function definition for 'plot.new'
    spodt.tree: no visible global function definition for 'par'
    spodt.tree: no visible global function definition for 'plot.window'
    spodt.tree: no visible global function definition for 'text'
    spodt.tree: no visible global function definition for 'segments'
    test.spodt: no visible global function definition for 'model.frame'
    test.spodt: no visible global function definition for 'hist'
    test.spodt: no visible global function definition for 'abline'
    tracer.noeud: no visible global function definition for 'text'
    tracer.noeud: no visible global function definition for 'segments'
    Undefined global functions or variables:
     abline cov hist model.frame par plot.new plot.window segments text
     var
    Consider adding
     importFrom("graphics", "abline", "hist", "par", "plot.new",
     "plot.window", "segments", "text")
     importFrom("stats", "cov", "model.frame", "var")
    to your NAMESPACE file.
Flavors: r-devel-linux-x86_64-debian-clang, r-devel-linux-x86_64-debian-gcc, r-devel-linux-x86_64-fedora-clang, r-devel-linux-x86_64-fedora-gcc, r-devel-windows-x86_64-new-UL, r-devel-windows-x86_64-new-TK, r-devel-windows-x86_64-old, r-patched-linux-x86_64, r-patched-solaris-x86, r-release-linux-x86_64, r-release-macos-arm64, r-release-macos-x86_64, r-release-windows-ix86+x86_64, r-oldrel-macos-x86_64, r-oldrel-windows-ix86+x86_64

Version: 0.9-1
Check: compiled code
Result: NOTE
    File ‘SPODT/libs/SPODT.so’:
     Found no calls to: ‘R_registerRoutines’, ‘R_useDynamicSymbols’
    
    It is good practice to register native routines and to disable symbol
    search.
    
    See ‘Writing portable packages’ in the ‘Writing R Extensions’ manual.
Flavors: r-devel-linux-x86_64-fedora-clang, r-devel-linux-x86_64-fedora-gcc