CRAN Package Check Results for Package SQN

Last updated on 2020-02-27 05:49:02 CET.

Flavor Version Tinstall Tcheck Ttotal Status Flags
r-devel-linux-x86_64-debian-clang 1.0.5 1.96 19.94 21.90 NOTE
r-devel-linux-x86_64-debian-gcc 1.0.5 1.50 16.26 17.76 NOTE
r-devel-linux-x86_64-fedora-clang 1.0.5 27.35 NOTE
r-devel-linux-x86_64-fedora-gcc 1.0.5 26.47 NOTE
r-devel-windows-ix86+x86_64 1.0.5 5.00 33.00 38.00 NOTE
r-devel-windows-ix86+x86_64-gcc8 1.0.5 6.00 35.00 41.00 NOTE
r-patched-linux-x86_64 1.0.5 1.39 18.78 20.17 NOTE
r-patched-solaris-x86 1.0.5 43.70 NOTE
r-release-linux-x86_64 1.0.5 1.46 18.65 20.11 NOTE
r-release-windows-ix86+x86_64 1.0.5 4.00 32.00 36.00 NOTE
r-release-osx-x86_64 1.0.5 NOTE
r-oldrel-windows-ix86+x86_64 1.0.5 2.00 37.00 39.00 NOTE
r-oldrel-osx-x86_64 1.0.5 NOTE

Check Details

Version: 1.0.5
Check: R code for possible problems
Result: NOTE
    SQN: no visible binding for global variable 'median'
    SQN: no visible global function definition for 'quantile'
    SQN.demo.data: no visible global function definition for 'rnorm'
    mix.qn: no visible global function definition for 'ecdf'
    mix.qn: no visible global function definition for 'quantile'
    Undefined global functions or variables:
     ecdf median quantile rnorm
    Consider adding
     importFrom("stats", "ecdf", "median", "quantile", "rnorm")
    to your NAMESPACE file.
Flavors: r-devel-linux-x86_64-debian-clang, r-devel-linux-x86_64-debian-gcc, r-devel-linux-x86_64-fedora-clang, r-devel-linux-x86_64-fedora-gcc, r-devel-windows-ix86+x86_64, r-devel-windows-ix86+x86_64-gcc8, r-patched-linux-x86_64, r-patched-solaris-x86, r-release-linux-x86_64, r-release-windows-ix86+x86_64, r-release-osx-x86_64, r-oldrel-windows-ix86+x86_64, r-oldrel-osx-x86_64