CRAN Package Check Results for Package SSDM

Last updated on 2020-01-28 05:50:34 CET.

Flavor Version Tinstall Tcheck Ttotal Status Flags
r-devel-linux-x86_64-debian-clang 0.2.6 28.36 256.87 285.23 OK
r-devel-linux-x86_64-debian-gcc 0.2.6 26.34 193.71 220.05 OK
r-devel-linux-x86_64-fedora-clang 0.2.6 338.34 WARN
r-devel-linux-x86_64-fedora-gcc 0.2.6 331.59 NOTE
r-devel-windows-ix86+x86_64 0.2.6 53.00 282.00 335.00 OK
r-devel-windows-ix86+x86_64-gcc8 0.2.6 69.00 384.00 453.00 OK
r-patched-linux-x86_64 0.2.6 OK
r-patched-solaris-x86 0.2.6 475.60 NOTE
r-release-linux-x86_64 0.2.6 22.83 224.44 247.27 OK
r-release-windows-ix86+x86_64 0.2.6 41.00 267.00 308.00 OK
r-release-osx-x86_64 0.2.6 NOTE
r-oldrel-windows-ix86+x86_64 0.2.6 41.00 349.00 390.00 OK
r-oldrel-osx-x86_64 0.2.6 NOTE

Check Details

Version: 0.2.6
Check: package dependencies
Result: WARN
    Requires orphaned packages:
     ‘SDMTools’ ‘gplots’
Flavor: r-devel-linux-x86_64-fedora-clang

Version: 0.2.6
Check: dependencies in R code
Result: NOTE
    Namespace in Imports field not imported from: ‘shinyFiles’
     All declared Imports should be used.
Flavors: r-devel-linux-x86_64-fedora-clang, r-devel-linux-x86_64-fedora-gcc, r-patched-solaris-x86, r-release-osx-x86_64, r-oldrel-osx-x86_64