Last updated on 2023-01-31 06:01:19 CET.
Flavor | Version | Tinstall | Tcheck | Ttotal | Status | Flags |
---|---|---|---|---|---|---|
r-devel-linux-x86_64-debian-clang | 0.2.1 | 31.62 | 28.99 | 60.61 | NOTE | |
r-devel-linux-x86_64-debian-gcc | 0.2.1 | 28.66 | 23.00 | 51.66 | NOTE | |
r-devel-linux-x86_64-fedora-clang | 0.2.1 | 94.29 | NOTE | |||
r-devel-linux-x86_64-fedora-gcc | 0.2.1 | 84.99 | NOTE | |||
r-devel-windows-x86_64 | 0.2.1 | 38.00 | 79.00 | 117.00 | NOTE | |
r-patched-linux-x86_64 | 0.2.1 | 32.08 | 28.92 | 61.00 | OK | |
r-release-linux-x86_64 | 0.2.1 | 31.41 | 30.16 | 61.57 | OK | |
r-release-macos-arm64 | 0.2.1 | 29.00 | NOTE | |||
r-release-macos-x86_64 | 0.2.1 | 36.00 | NOTE | |||
r-release-windows-x86_64 | 0.2.1 | 37.00 | 84.00 | 121.00 | OK | |
r-oldrel-macos-arm64 | 0.2.1 | 32.00 | NOTE | |||
r-oldrel-macos-x86_64 | 0.2.1 | 46.00 | NOTE | |||
r-oldrel-windows-ix86+x86_64 | 0.2.1 | 87.00 | 82.00 | 169.00 | OK |
Version: 0.2.1
Check: package subdirectories
Result: NOTE
Problems with news in ‘NEWS.md’:
No news entries found.
Flavors: r-devel-linux-x86_64-debian-clang, r-devel-linux-x86_64-debian-gcc, r-devel-linux-x86_64-fedora-clang, r-devel-linux-x86_64-fedora-gcc, r-devel-windows-x86_64
Version: 0.2.1
Check: C++ specification
Result: NOTE
Specified C++11: please update to current default of C++17
Flavors: r-devel-linux-x86_64-debian-gcc, r-devel-linux-x86_64-fedora-clang, r-devel-linux-x86_64-fedora-gcc, r-devel-windows-x86_64
Version: 0.2.1
Check: dependencies in R code
Result: NOTE
Namespace in Imports field not imported from: ‘MASS’
All declared Imports should be used.
Flavors: r-devel-linux-x86_64-fedora-clang, r-devel-linux-x86_64-fedora-gcc, r-release-macos-arm64, r-release-macos-x86_64, r-oldrel-macos-arm64, r-oldrel-macos-x86_64