CRAN Package Check Results for Package STRMPS

Last updated on 2024-06-13 06:58:20 CEST.

Flavor Version Tinstall Tcheck Ttotal Status Flags
r-devel-linux-x86_64-debian-clang 0.5.8 45.71 446.45 492.16 NOTE
r-devel-linux-x86_64-debian-gcc 0.5.8 0.42 1.60 2.02 ERROR
r-devel-linux-x86_64-fedora-clang 0.5.8 647.69 NOTE
r-devel-linux-x86_64-fedora-gcc 0.5.8 426.63 NOTE
r-devel-windows-x86_64 0.5.8 43.00 306.00 349.00 NOTE
r-patched-linux-x86_64 0.5.8 38.64 434.92 473.56 NOTE
r-release-linux-x86_64 0.5.8 33.75 430.72 464.47 NOTE
r-release-macos-arm64 0.5.8 154.00 NOTE
r-release-macos-x86_64 0.5.8 238.00 NOTE
r-release-windows-x86_64 0.5.8 45.00 323.00 368.00 NOTE
r-oldrel-macos-arm64 0.5.8 161.00 NOTE
r-oldrel-macos-x86_64 0.5.8 259.00 NOTE
r-oldrel-windows-x86_64 0.5.8 57.00 418.00 475.00 NOTE

Check Details

Version: 0.5.8
Check: package dependencies
Result: NOTE Package suggested but not available for checking: ‘STRaitRazoR’ Flavors: r-devel-linux-x86_64-debian-clang, r-devel-linux-x86_64-fedora-clang, r-devel-linux-x86_64-fedora-gcc, r-devel-windows-x86_64, r-patched-linux-x86_64, r-release-linux-x86_64, r-release-macos-arm64, r-release-macos-x86_64, r-release-windows-x86_64, r-oldrel-macos-arm64, r-oldrel-macos-x86_64, r-oldrel-windows-x86_64

Version: 0.5.8
Check: package dependencies
Result: ERROR Packages required but not available: 'tidyr', 'tibble', 'dplyr', 'stringr', 'purrr' Package suggested but not available for checking: ‘STRaitRazoR’ See section ‘The DESCRIPTION file’ in the ‘Writing R Extensions’ manual. Flavor: r-devel-linux-x86_64-debian-gcc