CRAN Package Check Results for Package SWMPr

Last updated on 2021-06-23 05:49:45 CEST.

Flavor Version Tinstall Tcheck Ttotal Status Flags
r-devel-linux-x86_64-debian-clang 2.4.0 18.09 149.34 167.43 OK
r-devel-linux-x86_64-debian-gcc 2.4.0 15.69 111.80 127.49 OK
r-devel-linux-x86_64-fedora-clang 2.4.0 212.72 OK
r-devel-linux-x86_64-fedora-gcc 2.4.0 198.99 OK
r-devel-windows-x86_64 2.4.0 31.00 218.00 249.00 OK
r-devel-windows-x86_64-gcc10-UCRT 2.4.0 ERROR
r-patched-linux-x86_64 2.4.0 18.59 141.32 159.91 OK
r-patched-solaris-x86 2.4.0 311.90 OK
r-release-linux-x86_64 2.4.0 18.68 141.17 159.85 OK
r-release-macos-arm64 2.4.0 OK
r-release-macos-x86_64 2.4.0 OK
r-release-windows-ix86+x86_64 2.4.0 32.00 164.00 196.00 OK
r-oldrel-macos-x86_64 2.4.0 OK

Check Details

Version: 2.4.0
Check: package dependencies
Result: ERROR
    Package required but not available: 'httr'
    
    Package suggested but not available for checking: 'ggmap'
    
    See section 'The DESCRIPTION file' in the 'Writing R Extensions'
    manual.
Flavor: r-devel-windows-x86_64-gcc10-UCRT