CRAN Package Check Results for Package SanFranBeachWater

Last updated on 2024-06-23 06:56:42 CEST.

Flavor Version Tinstall Tcheck Ttotal Status Flags
r-devel-linux-x86_64-debian-clang 0.1.0 7.00 61.52 68.52 NOTE
r-devel-linux-x86_64-debian-gcc 0.1.0 5.25 45.60 50.85 NOTE
r-devel-linux-x86_64-fedora-clang 0.1.0 84.63 NOTE
r-devel-linux-x86_64-fedora-gcc 0.1.0 79.79 NOTE
r-devel-windows-x86_64 0.1.0 7.00 68.00 75.00 NOTE
r-patched-linux-x86_64 0.1.0 7.43 58.89 66.32 NOTE
r-release-linux-x86_64 0.1.0 4.21 57.85 62.06 NOTE
r-release-macos-arm64 0.1.0 30.00 NOTE
r-release-macos-x86_64 0.1.0 67.00 NOTE
r-release-windows-x86_64 0.1.0 7.00 70.00 77.00 NOTE
r-oldrel-macos-arm64 0.1.0 26.00 NOTE
r-oldrel-macos-x86_64 0.1.0 39.00 NOTE
r-oldrel-windows-x86_64 0.1.0 9.00 77.00 86.00 NOTE

Check Details

Version: 0.1.0
Check: LazyData
Result: NOTE 'LazyData' is specified without a 'data' directory Flavors: r-devel-linux-x86_64-debian-clang, r-devel-linux-x86_64-debian-gcc, r-devel-linux-x86_64-fedora-clang, r-devel-linux-x86_64-fedora-gcc, r-devel-windows-x86_64, r-patched-linux-x86_64, r-release-linux-x86_64, r-release-macos-arm64, r-release-macos-x86_64, r-release-windows-x86_64, r-oldrel-macos-arm64, r-oldrel-macos-x86_64, r-oldrel-windows-x86_64

Version: 0.1.0
Check: dependencies in R code
Result: NOTE Namespace in Imports field not imported from: ‘tibble’ All declared Imports should be used. Flavors: r-devel-linux-x86_64-fedora-clang, r-devel-linux-x86_64-fedora-gcc