CRAN Package Check Results for Package Select

Last updated on 2022-09-26 05:55:53 CEST.

Flavor Version Tinstall Tcheck Ttotal Status Flags
r-devel-linux-x86_64-debian-clang 1.4 2.47 36.68 39.15 OK
r-devel-linux-x86_64-debian-gcc 1.4 1.91 27.76 29.67 OK
r-devel-linux-x86_64-fedora-clang 1.4 57.68 NOTE
r-devel-linux-x86_64-fedora-gcc 1.4 58.64 NOTE
r-devel-windows-x86_64 1.4 10.00 65.00 75.00 OK
r-patched-linux-x86_64 1.4 2.57 35.05 37.62 OK
r-release-linux-x86_64 1.4 2.46 34.90 37.36 OK
r-release-macos-arm64 1.4 21.00 NOTE
r-release-macos-x86_64 1.4 26.00 NOTE
r-release-windows-x86_64 1.4 10.00 69.00 79.00 OK
r-oldrel-macos-arm64 1.4 30.00 NOTE
r-oldrel-macos-x86_64 1.4 33.00 NOTE
r-oldrel-windows-ix86+x86_64 1.4 6.00 63.00 69.00 OK

Check Details

Version: 1.4
Check: dependencies in R code
Result: NOTE
    Namespace in Imports field not imported from: ‘FD’
     All declared Imports should be used.
Flavors: r-devel-linux-x86_64-fedora-clang, r-devel-linux-x86_64-fedora-gcc, r-release-macos-arm64, r-release-macos-x86_64, r-oldrel-macos-arm64, r-oldrel-macos-x86_64