Last updated on 2021-01-15 05:49:04 CET.
Flavor | Version | Tinstall | Tcheck | Ttotal | Status | Flags |
---|---|---|---|---|---|---|
r-devel-linux-x86_64-debian-clang | 1.2.1 | 155.47 | 34.82 | 190.29 | OK | |
r-devel-linux-x86_64-debian-gcc | 1.2.1 | 102.54 | 27.61 | 130.15 | OK | |
r-devel-linux-x86_64-fedora-clang | 1.2.1 | 292.19 | NOTE | |||
r-devel-linux-x86_64-fedora-gcc | 1.2.1 | 250.81 | OK | |||
r-devel-windows-ix86+x86_64 | 1.2.1 | 362.00 | 82.00 | 444.00 | OK | |
r-patched-linux-x86_64 | 1.2.1 | 128.37 | 33.71 | 162.08 | OK | |
r-patched-solaris-x86 | 1.2.1 | 215.00 | OK | |||
r-release-linux-x86_64 | 1.2.1 | 128.95 | 33.65 | 162.60 | OK | |
r-release-macos-x86_64 | 1.2.1 | NOTE | ||||
r-release-windows-ix86+x86_64 | 1.2.1 | 286.00 | 68.00 | 354.00 | OK | |
r-oldrel-macos-x86_64 | 1.2.1 | OK | ||||
r-oldrel-windows-ix86+x86_64 | 1.2.1 | 238.00 | 57.00 | 295.00 | OK |
Version: 1.2.1
Check: installed package size
Result: NOTE
installed size is 6.7Mb
sub-directories of 1Mb or more:
libs 6.5Mb
Flavors: r-devel-linux-x86_64-fedora-clang, r-release-macos-x86_64