CRAN Package Check Results for Package SemNeT

Last updated on 2021-12-07 05:55:18 CET.

Flavor Version Tinstall Tcheck Ttotal Status Flags
r-devel-linux-x86_64-debian-clang 1.4.3 13.32 102.69 116.01 OK
r-devel-linux-x86_64-debian-gcc 1.4.3 8.44 77.64 86.08 OK
r-devel-linux-x86_64-fedora-clang 1.4.3 137.61 NOTE
r-devel-linux-x86_64-fedora-gcc 1.4.3 125.93 NOTE
r-devel-windows-x86_64-new-UL 1.4.3 34.00 148.00 182.00 OK
r-devel-windows-x86_64-new-TK 1.4.3 NOTE
r-devel-windows-x86_64-old 1.4.3 20.00 129.00 149.00 OK
r-patched-linux-x86_64 1.4.3 17.24 96.75 113.99 OK
r-release-linux-x86_64 1.4.3 10.73 97.03 107.76 OK
r-release-macos-arm64 1.4.3 NOTE
r-release-macos-x86_64 1.4.3 NOTE
r-release-windows-ix86+x86_64 1.4.3 16.00 128.00 144.00 OK
r-oldrel-macos-x86_64 1.4.3 NOTE
r-oldrel-windows-ix86+x86_64 1.4.3 27.00 133.00 160.00 OK

Check Details

Version: 1.4.3
Check: dependencies in R code
Result: NOTE
    Namespaces in Imports field not imported from:
     ‘RColorBrewer’ ‘grid’ ‘purrr’
     All declared Imports should be used.
Flavors: r-devel-linux-x86_64-fedora-clang, r-devel-linux-x86_64-fedora-gcc, r-devel-windows-x86_64-new-TK, r-release-macos-arm64, r-release-macos-x86_64, r-oldrel-macos-x86_64

Version: 1.4.3
Check: Rd cross-references
Result: NOTE
    Undeclared packages ‘NetworkToolbox’, ‘SemNetCleaner’ in Rd xrefs
Flavor: r-devel-linux-x86_64-fedora-clang