CRAN Package Check Results for Package SeqFeatR

Last updated on 2019-08-18 05:46:25 CEST.

Flavor Version Tinstall Tcheck Ttotal Status Flags
r-devel-linux-x86_64-debian-clang 0.3.1 36.19 212.32 248.51 NOTE
r-devel-linux-x86_64-debian-gcc 0.3.1 28.47 164.61 193.08 NOTE
r-devel-linux-x86_64-fedora-clang 0.3.1 301.24 NOTE
r-devel-linux-x86_64-fedora-gcc 0.3.1 316.77 NOTE
r-devel-windows-ix86+x86_64 0.3.1 69.00 264.00 333.00 OK
r-patched-linux-x86_64 0.3.1 34.91 206.74 241.65 OK
r-patched-solaris-x86 0.3.1 524.60 OK
r-release-linux-x86_64 0.3.1 33.66 207.15 240.81 OK
r-release-windows-ix86+x86_64 0.3.1 63.00 270.00 333.00 OK
r-release-osx-x86_64 0.3.1 ERROR
r-oldrel-windows-ix86+x86_64 0.3.1 52.00 268.00 320.00 OK
r-oldrel-osx-x86_64 0.3.1 OK

Check Details

Version: 0.3.1
Check: for non-standard things in the check directory
Result: NOTE
    Found the following files/directories:
     'assocpointpair_result.csv' 'foundereffectfinder_result.csv'
     'getfreqs_result.csv' 'getfreqs_result.png' 'orPlot.pdf1_1.pdf'
     'orPlot.pdf2_1.pdf' 'orPlot.pdf3_1.pdf' 'orPlot.pdf4_1.pdf'
     'orPlot.pdf5_1.pdf' 'orPlot.pdf6_1.pdf' 'orPlot.pdf7_1.pdf'
     'orPlot.pdf8_1.pdf' 'q-values_result.csv' 'rewritetuple_result.csv'
     'tartan_plot.pdf' 'vispair_plot.pdf' 'vispairfeat_plot.pdf'
     'volcano_plot.pdf'
Flavors: r-devel-linux-x86_64-debian-clang, r-devel-linux-x86_64-debian-gcc, r-devel-linux-x86_64-fedora-clang, r-devel-linux-x86_64-fedora-gcc

Version: 0.3.1
Check: package dependencies
Result: ERROR
    Packages required but not available: 'Biostrings', 'qvalue', 'widgetTools'
    
    See section ‘The DESCRIPTION file’ in the ‘Writing R Extensions’
    manual.
Flavor: r-release-osx-x86_64