Last updated on 2023-01-28 05:56:34 CET.
Flavor | Version | Tinstall | Tcheck | Ttotal | Status | Flags |
---|---|---|---|---|---|---|
r-devel-linux-x86_64-debian-clang | 1.1.3 | 85.74 | 78.15 | 163.89 | OK | |
r-devel-linux-x86_64-debian-gcc | 1.1.3 | 67.21 | 59.65 | 126.86 | OK | |
r-devel-linux-x86_64-fedora-clang | 1.1.3 | 234.46 | NOTE | |||
r-devel-linux-x86_64-fedora-gcc | 1.1.3 | 204.90 | NOTE | |||
r-devel-windows-x86_64 | 1.1.3 | 127.00 | 152.00 | 279.00 | NOTE | |
r-patched-linux-x86_64 | 1.1.3 | 77.31 | 71.09 | 148.40 | OK | |
r-release-linux-x86_64 | 1.1.3 | 73.91 | 68.68 | 142.59 | OK | |
r-release-macos-arm64 | 1.1.3 | 65.00 | NOTE | |||
r-release-macos-x86_64 | 1.1.3 | 108.00 | NOTE | |||
r-release-windows-x86_64 | 1.1.3 | 128.00 | 131.00 | 259.00 | NOTE | |
r-oldrel-macos-arm64 | 1.1.3 | 72.00 | NOTE | |||
r-oldrel-macos-x86_64 | 1.1.3 | 77.00 | NOTE | |||
r-oldrel-windows-ix86+x86_64 | 1.1.3 | 168.00 | 148.00 | 316.00 | NOTE |
Version: 1.1.3
Check: installed package size
Result: NOTE
installed size is 5.3Mb
sub-directories of 1Mb or more:
data 4.7Mb
Flavors: r-devel-linux-x86_64-fedora-clang, r-devel-windows-x86_64, r-release-macos-arm64, r-release-macos-x86_64, r-release-windows-x86_64, r-oldrel-macos-arm64, r-oldrel-macos-x86_64, r-oldrel-windows-ix86+x86_64
Version: 1.1.3
Check: dependencies in R code
Result: NOTE
Namespace in Imports field not imported from: ‘Rdpack’
All declared Imports should be used.
Flavors: r-devel-linux-x86_64-fedora-clang, r-devel-linux-x86_64-fedora-gcc, r-release-macos-arm64, r-release-macos-x86_64, r-oldrel-macos-arm64, r-oldrel-macos-x86_64