CRAN Package Check Results for Package SetMethods

Last updated on 2019-09-22 05:46:23 CEST.

Flavor Version Tinstall Tcheck Ttotal Status Flags
r-devel-linux-x86_64-debian-clang 2.4 12.55 115.43 127.98 OK
r-devel-linux-x86_64-debian-gcc 2.4 8.88 87.47 96.35 OK
r-devel-linux-x86_64-fedora-clang 2.4 151.23 OK
r-devel-linux-x86_64-fedora-gcc 2.4 148.59 OK
r-devel-windows-ix86+x86_64 2.4 34.00 175.00 209.00 OK
r-patched-linux-x86_64 2.4 10.06 113.32 123.38 OK
r-patched-solaris-x86 2.4 144.90 ERROR
r-release-linux-x86_64 2.4 9.42 114.01 123.43 OK
r-release-windows-ix86+x86_64 2.4 21.00 129.00 150.00 OK
r-release-osx-x86_64 2.4 OK
r-oldrel-windows-ix86+x86_64 2.4 14.00 114.00 128.00 OK
r-oldrel-osx-x86_64 2.4 OK

Check Details

Version: 2.4
Check: examples
Result: ERROR
    Running examples in ‘SetMethods-Ex.R’ failed
    The error most likely occurred in:
    
    > ### Name: LR.intersect
    > ### Title: Function for identifying contradictory simplifying assumptions
    > ### or easy counterfactuals.
    > ### Aliases: LR.intersect
    > ### Keywords: QCA
    >
    > ### ** Examples
    >
    > # Import your data. For example:
    >
    > data(SCHF)
    >
    > # Get the parsimonious solution:
    >
    > sol_yp <- minimize(SCHF, outcome = "EXPORT",
    + conditions = c("EMP","BARGAIN","UNI","OCCUP","STOCK", "MA"),
    + incl.cut = .9,
    + include = "?",
    + details = TRUE, show.cases = TRUE)
    
     *** caught segfault ***
    address faa4af00, cause 'memory not mapped'
    
    Traceback:
     1: minimize(SCHF, outcome = "EXPORT", conditions = c("EMP", "BARGAIN", "UNI", "OCCUP", "STOCK", "MA"), incl.cut = 0.9, include = "?", details = TRUE, show.cases = TRUE)
    An irrecoverable exception occurred. R is aborting now ...
Flavor: r-patched-solaris-x86