CRAN Package Check Results for Package Seurat

Last updated on 2020-01-17 05:47:25 CET.

Flavor Version Tinstall Tcheck Ttotal Status Flags
r-devel-linux-x86_64-debian-clang 3.1.2 119.09 358.36 477.45 NOTE
r-devel-linux-x86_64-debian-gcc 3.1.2 89.71 280.02 369.73 NOTE
r-devel-linux-x86_64-fedora-clang 3.1.2 680.80 WARN
r-devel-linux-x86_64-fedora-gcc 3.1.2 674.88 NOTE
r-devel-windows-ix86+x86_64 3.1.2 303.00 614.00 917.00 NOTE
r-devel-windows-ix86+x86_64-gcc8 3.1.2 239.00 597.00 836.00 NOTE
r-patched-linux-x86_64 3.1.2 97.00 319.25 416.25 NOTE
r-patched-solaris-x86 3.1.2 629.60 NOTE
r-release-linux-x86_64 3.1.2 99.40 318.78 418.18 NOTE
r-release-windows-ix86+x86_64 3.1.2 262.00 650.00 912.00 NOTE
r-release-osx-x86_64 3.1.2 NOTE
r-oldrel-windows-ix86+x86_64 3.1.2 246.00 613.00 859.00 NOTE
r-oldrel-osx-x86_64 3.1.2 NOTE

Check Details

Version: 3.1.2
Check: package dependencies
Result: NOTE
    Package suggested but not available for checking: 'loomR'
Flavors: r-devel-linux-x86_64-debian-clang, r-devel-linux-x86_64-debian-gcc, r-devel-windows-ix86+x86_64, r-devel-windows-ix86+x86_64-gcc8, r-patched-linux-x86_64, r-release-linux-x86_64, r-release-windows-ix86+x86_64, r-oldrel-windows-ix86+x86_64

Version: 3.1.2
Check: Rd cross-references
Result: NOTE
    Package unavailable to check Rd xrefs: 'loomR'
Flavors: r-devel-linux-x86_64-debian-clang, r-devel-linux-x86_64-debian-gcc, r-devel-linux-x86_64-fedora-clang, r-devel-linux-x86_64-fedora-gcc, r-devel-windows-ix86+x86_64, r-devel-windows-ix86+x86_64-gcc8, r-patched-linux-x86_64, r-patched-solaris-x86, r-release-linux-x86_64, r-release-windows-ix86+x86_64, r-release-osx-x86_64, r-oldrel-windows-ix86+x86_64, r-oldrel-osx-x86_64

Version: 3.1.2
Check: package dependencies
Result: WARN
    Packages suggested but not available for checking:
     'loomR', 'MAST', 'monocle'
    
    Requires orphaned package: ‘SDMTools’
Flavor: r-devel-linux-x86_64-fedora-clang

Version: 3.1.2
Check: installed package size
Result: NOTE
     installed size is 9.3Mb
     sub-directories of 1Mb or more:
     R 1.1Mb
     libs 7.5Mb
Flavors: r-devel-linux-x86_64-fedora-clang, r-release-osx-x86_64, r-oldrel-osx-x86_64

Version: 3.1.2
Check: package dependencies
Result: NOTE
    Packages suggested but not available for checking:
     'loomR', 'MAST', 'monocle'
Flavor: r-devel-linux-x86_64-fedora-gcc

Version: 3.1.2
Check: package dependencies
Result: NOTE
    Packages suggested but not available for checking: 'loomR', 'monocle'
Flavor: r-patched-solaris-x86

Version: 3.1.2
Check: package dependencies
Result: NOTE
    Packages suggested but not available for checking:
     'loomR', 'SingleCellExperiment', 'MAST', 'monocle'
Flavor: r-release-osx-x86_64

Version: 3.1.2
Check: package dependencies
Result: NOTE
    Packages suggested but not available for checking:
     ‘loomR’ ‘SingleCellExperiment’ ‘MAST’ ‘rtracklayer’ ‘monocle’
Flavor: r-oldrel-osx-x86_64