CRAN Package Check Results for Package Seurat

Last updated on 2019-08-24 05:47:08 CEST.

Flavor Version Tinstall Tcheck Ttotal Status Flags
r-devel-linux-x86_64-debian-clang 3.1.0 99.91 272.35 372.26 NOTE
r-devel-linux-x86_64-debian-gcc 3.1.0 79.15 212.98 292.13 NOTE
r-devel-linux-x86_64-fedora-clang 3.1.0 576.79 NOTE
r-devel-linux-x86_64-fedora-gcc 3.1.0 581.53 NOTE
r-devel-windows-ix86+x86_64 3.1.0 181.00 421.00 602.00 NOTE
r-patched-linux-x86_64 3.1.0 94.31 270.02 364.33 NOTE
r-patched-solaris-x86 3.1.0 559.80 NOTE
r-release-linux-x86_64 3.1.0 89.64 270.85 360.49 NOTE
r-release-windows-ix86+x86_64 3.0.2 249.00 645.00 894.00 NOTE
r-release-osx-x86_64 3.1.0 NOTE
r-oldrel-windows-ix86+x86_64 3.1.0 230.00 537.00 767.00 NOTE
r-oldrel-osx-x86_64 3.1.0 NOTE

Check Details

Version: 3.1.0
Check: package dependencies
Result: NOTE
    Package suggested but not available for checking: 'loomR'
Flavors: r-devel-linux-x86_64-debian-clang, r-devel-linux-x86_64-debian-gcc, r-devel-windows-ix86+x86_64, r-patched-linux-x86_64, r-release-linux-x86_64, r-oldrel-windows-ix86+x86_64

Version: 3.1.0
Check: Rd cross-references
Result: NOTE
    Package unavailable to check Rd xrefs: 'loomR'
Flavors: r-devel-linux-x86_64-debian-clang, r-devel-linux-x86_64-debian-gcc, r-devel-linux-x86_64-fedora-clang, r-devel-linux-x86_64-fedora-gcc, r-devel-windows-ix86+x86_64, r-patched-linux-x86_64, r-patched-solaris-x86, r-release-linux-x86_64, r-release-osx-x86_64, r-oldrel-windows-ix86+x86_64, r-oldrel-osx-x86_64

Version: 3.1.0
Check: package dependencies
Result: NOTE
    Packages suggested but not available for checking:
     'loomR', 'MAST', 'monocle'
Flavors: r-devel-linux-x86_64-fedora-clang, r-devel-linux-x86_64-fedora-gcc

Version: 3.1.0
Check: installed package size
Result: NOTE
     installed size is 9.1Mb
     sub-directories of 1Mb or more:
     libs 7.5Mb
Flavors: r-devel-linux-x86_64-fedora-clang, r-release-osx-x86_64, r-oldrel-osx-x86_64

Version: 3.1.0
Check: package dependencies
Result: NOTE
    Packages suggested but not available for checking: 'loomR', 'monocle'
Flavor: r-patched-solaris-x86

Version: 3.0.2
Check: package dependencies
Result: NOTE
    Package suggested but not available for checking: 'loomR'
Flavor: r-release-windows-ix86+x86_64

Version: 3.0.2
Check: Rd cross-references
Result: NOTE
    Package unavailable to check Rd xrefs: 'loomR'
Flavor: r-release-windows-ix86+x86_64

Version: 3.1.0
Check: package dependencies
Result: NOTE
    Packages suggested but not available for checking:
     'loomR', 'S4Vectors', 'SummarizedExperiment', 'SingleCellExperiment',
     'MAST', 'DESeq2', 'GenomicRanges', 'GenomeInfoDb', 'IRanges',
     'rtracklayer', 'monocle', 'Biobase'
Flavor: r-release-osx-x86_64

Version: 3.1.0
Check: package dependencies
Result: NOTE
    Packages suggested but not available for checking:
     ‘loomR’ ‘SingleCellExperiment’ ‘MAST’ ‘rtracklayer’ ‘monocle’
Flavor: r-oldrel-osx-x86_64