CRAN Package Check Results for Package Seurat

Last updated on 2021-12-04 05:57:25 CET.

Flavor Version Tinstall Tcheck Ttotal Status Flags
r-devel-linux-x86_64-debian-clang 4.0.5 124.78 393.72 518.50 OK
r-devel-linux-x86_64-debian-gcc 4.0.5 95.35 292.46 387.81 OK
r-devel-linux-x86_64-fedora-clang 4.0.5 693.34 NOTE
r-devel-linux-x86_64-fedora-gcc 4.0.5 665.67 OK
r-devel-windows-x86_64-new-UL 4.0.5 187.00 496.00 683.00 OK
r-devel-windows-x86_64-new-TK 4.0.5 OK
r-devel-windows-x86_64-old 4.0.5 164.00 385.00 549.00 OK
r-patched-linux-x86_64 4.0.5 91.54 367.22 458.76 OK
r-release-linux-x86_64 4.0.5 106.36 368.73 475.09 OK
r-release-macos-arm64 4.0.5 NOTE
r-release-macos-x86_64 4.0.5 NOTE
r-release-windows-ix86+x86_64 4.0.5 277.00 675.00 952.00 OK
r-oldrel-macos-x86_64 4.0.5 NOTE
r-oldrel-windows-ix86+x86_64 4.0.5 195.00 7.00 202.00 ERROR

Check Details

Version: 4.0.5
Check: package dependencies
Result: NOTE
    Imports includes 41 non-default packages.
    Importing from so many packages makes the package vulnerable to any of
    them becoming unavailable. Move as many as possible to Suggests and
    use conditionally.
Flavor: r-devel-linux-x86_64-fedora-clang

Version: 4.0.5
Check: installed package size
Result: NOTE
     installed size is 9.0Mb
     sub-directories of 1Mb or more:
     R 1.3Mb
     libs 7.0Mb
Flavors: r-devel-linux-x86_64-fedora-clang, r-release-macos-arm64, r-release-macos-x86_64, r-oldrel-macos-x86_64

Version: 4.0.5
Check: Rd cross-references
Result: NOTE
    Undeclared package ‘Signac’ in Rd xrefs
Flavor: r-devel-linux-x86_64-fedora-clang

Version: 4.0.5
Check: package dependencies
Result: NOTE
    Package suggested but not available for checking: ‘monocle’
Flavor: r-release-macos-arm64

Version: 4.0.5
Check: package dependencies
Result: NOTE
    Packages suggested but not available for checking: 'MAST', 'monocle'
Flavors: r-release-macos-x86_64, r-oldrel-macos-x86_64

Version: 4.0.5
Check: dependencies in R code
Result: NOTE
    Missing or unexported objects:
     ‘SingleCellExperiment::mainExpName’
     ‘SingleCellExperiment::mainExpName<-’
Flavor: r-oldrel-macos-x86_64

Version: 4.0.5
Check: whether package can be installed
Result: ERROR
    Installation failed.
Flavor: r-oldrel-windows-ix86+x86_64