CRAN Package Check Results for Package Signac

Last updated on 2021-06-18 05:49:01 CEST.

Flavor Version Tinstall Tcheck Ttotal Status Flags
r-devel-linux-x86_64-debian-clang 1.2.1 94.65 396.21 490.86 OK
r-devel-linux-x86_64-debian-gcc 1.2.1 65.30 296.93 362.23 OK
r-devel-linux-x86_64-fedora-clang 1.2.1 617.45 NOTE
r-devel-linux-x86_64-fedora-gcc 1.2.1 588.79 NOTE
r-devel-windows-x86_64 1.2.1 126.00 480.00 606.00 OK
r-devel-windows-x86_64-gcc10-UCRT 1.2.1 NOTE
r-patched-linux-x86_64 1.2.1 82.86 372.68 455.54 OK
r-patched-solaris-x86 1.2.1 766.70 NOTE
r-release-linux-x86_64 1.2.1 81.29 376.24 457.53 OK
r-release-macos-arm64 1.2.1 ERROR
r-release-macos-x86_64 1.2.1 NOTE
r-release-windows-ix86+x86_64 1.2.1 203.00 672.00 875.00 OK
r-oldrel-macos-x86_64 1.2.1 NOTE
r-oldrel-windows-ix86+x86_64 1.2.1 76.00 8.00 84.00 ERROR

Check Details

Version: 1.2.1
Check: package dependencies
Result: NOTE
    Packages suggested but not available for checking:
     'chromVAR', 'TFBSTools', 'motifmatchr'
    
    Imports includes 28 non-default packages.
    Importing from so many packages makes the package vulnerable to any of
    them becoming unavailable. Move as many as possible to Suggests and
    use conditionally.
Flavor: r-devel-linux-x86_64-fedora-clang

Version: 1.2.1
Check: Rd cross-references
Result: NOTE
    Packages unavailable to check Rd xrefs: ‘TFBSTools’, ‘motifmatchr’, ‘chromVAR’
Flavors: r-devel-linux-x86_64-fedora-clang, r-devel-linux-x86_64-fedora-gcc, r-devel-windows-x86_64-gcc10-UCRT, r-patched-solaris-x86, r-release-macos-x86_64, r-oldrel-macos-x86_64

Version: 1.2.1
Check: package dependencies
Result: NOTE
    Packages suggested but not available for checking:
     'chromVAR', 'TFBSTools', 'motifmatchr'
Flavors: r-devel-linux-x86_64-fedora-gcc, r-devel-windows-x86_64-gcc10-UCRT, r-patched-solaris-x86, r-release-macos-x86_64, r-oldrel-macos-x86_64

Version: 1.2.1
Check: package dependencies
Result: ERROR
    Packages required but not available: 'GenomicRanges', 'Rsamtools'
    
    Packages suggested but not available for checking:
     'chromVAR', 'SummarizedExperiment', 'TFBSTools', 'motifmatchr',
     'BSgenome', 'rtracklayer', 'biovizBase'
    
    See section ‘The DESCRIPTION file’ in the ‘Writing R Extensions’
    manual.
Flavor: r-release-macos-arm64

Version: 1.2.1
Check: whether package can be installed
Result: ERROR
    Installation failed.
Flavor: r-oldrel-windows-ix86+x86_64