CRAN Package Check Results for Package SmarterPoland

Last updated on 2022-05-20 05:54:40 CEST.

Flavor Version Tinstall Tcheck Ttotal Status Flags
r-devel-linux-x86_64-debian-clang 1.8 64.31 82.32 146.63 OK
r-devel-linux-x86_64-debian-gcc 1.8 55.24 62.91 118.15 OK
r-devel-linux-x86_64-fedora-clang 1.8 189.96 NOTE
r-devel-linux-x86_64-fedora-gcc 1.8 184.96 NOTE
r-devel-windows-x86_64 1.8 73.00 97.00 170.00 OK
r-patched-linux-x86_64 1.8 60.39 77.74 138.13 OK
r-release-linux-x86_64 1.8 59.08 77.60 136.68 OK
r-release-macos-arm64 1.8 71.00 NOTE
r-release-macos-x86_64 1.8 111.00 NOTE
r-release-windows-x86_64 1.8 79.00 100.00 179.00 OK
r-oldrel-macos-arm64 1.8 87.00 NOTE
r-oldrel-macos-x86_64 1.8 103.00 NOTE
r-oldrel-windows-ix86+x86_64 1.8 97.00 96.00 193.00 OK

Check Details

Version: 1.8
Check: data for non-ASCII characters
Result: NOTE
     Note: found 1122 marked UTF-8 strings
Flavors: r-devel-linux-x86_64-fedora-clang, r-devel-linux-x86_64-fedora-gcc, r-release-macos-arm64, r-release-macos-x86_64, r-oldrel-macos-arm64, r-oldrel-macos-x86_64

Version: 1.8
Check: installed package size
Result: NOTE
     installed size is 5.2Mb
     sub-directories of 1Mb or more:
     data 5.0Mb
Flavors: r-release-macos-arm64, r-oldrel-macos-arm64