CRAN Package Check Results for Package SoupX

Last updated on 2022-01-19 05:48:40 CET.

Flavor Version Tinstall Tcheck Ttotal Status Flags
r-devel-linux-x86_64-debian-clang 1.5.2 66.71 298.99 365.70 OK
r-devel-linux-x86_64-debian-gcc 1.5.2 71.44 239.47 310.91 OK
r-devel-linux-x86_64-fedora-clang 1.5.2 452.51 NOTE
r-devel-linux-x86_64-fedora-gcc 1.5.2 439.25 OK
r-devel-windows-x86_64-new-UL 1.5.2 72.00 358.00 430.00 NOTE
r-devel-windows-x86_64-new-TK 1.5.2 OK
r-patched-linux-x86_64 1.5.2 61.97 279.93 341.90 OK
r-release-linux-x86_64 1.5.2 OK
r-release-macos-arm64 1.5.2 NOTE
r-release-macos-x86_64 1.5.2 NOTE
r-release-windows-ix86+x86_64 1.5.2 115.00 345.00 460.00 NOTE
r-oldrel-macos-x86_64 1.5.2 NOTE
r-oldrel-windows-ix86+x86_64 1.5.2 76.00 9.00 85.00 ERROR

Check Details

Version: 1.5.2
Check: installed package size
Result: NOTE
     installed size is 5.9Mb
     sub-directories of 1Mb or more:
     data 3.9Mb
     doc 1.1Mb
Flavors: r-devel-linux-x86_64-fedora-clang, r-devel-windows-x86_64-new-UL, r-release-macos-arm64, r-release-macos-x86_64, r-release-windows-ix86+x86_64, r-oldrel-macos-x86_64

Version: 1.5.2
Check: package dependencies
Result: NOTE
    Package suggested but not available for checking: ‘DropletUtils’
Flavors: r-release-macos-arm64, r-release-macos-x86_64, r-oldrel-macos-x86_64

Version: 1.5.2
Check: whether package can be installed
Result: ERROR
    Installation failed.
Flavor: r-oldrel-windows-ix86+x86_64