CRAN Package Check Results for Package SpaCCr

Last updated on 2021-01-18 05:47:39 CET.

Flavor Version Tinstall Tcheck Ttotal Status Flags
r-devel-linux-x86_64-debian-clang 0.1.0 37.30 83.18 120.48 OK
r-devel-linux-x86_64-debian-gcc 0.1.0 24.64 63.39 88.03 OK
r-devel-linux-x86_64-fedora-clang 0.1.0 160.71 NOTE
r-devel-linux-x86_64-fedora-gcc 0.1.0 139.02 NOTE
r-devel-windows-ix86+x86_64 0.1.0 59.00 122.00 181.00 OK
r-patched-linux-x86_64 0.1.0 27.10 81.33 108.43 OK
r-patched-solaris-x86 0.1.0 167.70 OK
r-release-linux-x86_64 0.1.0 27.35 82.97 110.32 OK
r-release-macos-x86_64 0.1.0 OK
r-release-windows-ix86+x86_64 0.1.0 68.00 148.00 216.00 OK
r-oldrel-macos-x86_64 0.1.0 OK
r-oldrel-windows-ix86+x86_64 0.1.0 73.00 118.00 191.00 OK

Check Details

Version: 0.1.0
Check: compiled code
Result: NOTE
    File ‘SpaCCr/libs/SpaCCr.so’:
     Found no calls to: ‘R_registerRoutines’, ‘R_useDynamicSymbols’
    
    It is good practice to register native routines and to disable symbol
    search.
    
    See ‘Writing portable packages’ in the ‘Writing R Extensions’ manual.
Flavors: r-devel-linux-x86_64-fedora-clang, r-devel-linux-x86_64-fedora-gcc