CRAN Package Check Results for Package SpaTimeClus

Last updated on 2019-10-23 05:46:41 CEST.

Flavor Version Tinstall Tcheck Ttotal Status Flags
r-devel-linux-x86_64-debian-clang 1.0 82.28 24.70 106.98 NOTE
r-devel-linux-x86_64-debian-gcc 1.0 63.83 20.18 84.01 NOTE
r-devel-linux-x86_64-fedora-clang 1.0 153.41 NOTE
r-devel-linux-x86_64-fedora-gcc 1.0 148.86 NOTE
r-devel-windows-ix86+x86_64 1.0 205.00 54.00 259.00 NOTE
r-patched-linux-x86_64 1.0 64.97 24.65 89.62 NOTE
r-patched-solaris-x86 1.0 142.10 NOTE
r-release-linux-x86_64 1.0 66.54 24.66 91.20 NOTE
r-release-windows-ix86+x86_64 1.0 180.00 59.00 239.00 NOTE
r-release-osx-x86_64 1.0 NOTE
r-oldrel-windows-ix86+x86_64 1.0 179.00 89.00 268.00 OK
r-oldrel-osx-x86_64 1.0 OK

Check Details

Version: 1.0
Check: line endings in C/C++/Fortran sources/headers
Result: NOTE
    Found the following sources/headers not terminated with a newline:
     inst/include/STCXEM.h
     inst/include/STCXEMnonspatial.h
     inst/include/STCXEMspatial.h
     inst/include/STCdata.h
     inst/include/STCmodel.h
     inst/include/STCparam.h
     inst/include/STCtune.h
    Some compilers warn on such files.
Flavors: r-devel-linux-x86_64-debian-clang, r-devel-linux-x86_64-debian-gcc, r-devel-linux-x86_64-fedora-clang, r-devel-linux-x86_64-fedora-gcc, r-devel-windows-ix86+x86_64, r-patched-linux-x86_64, r-patched-solaris-x86, r-release-linux-x86_64, r-release-windows-ix86+x86_64, r-release-osx-x86_64

Version: 1.0
Check: installed package size
Result: NOTE
     installed size is 5.2Mb
     sub-directories of 1Mb or more:
     libs 5.0Mb
Flavor: r-devel-linux-x86_64-fedora-clang

Version: 1.0
Check: compiled code
Result: NOTE
    File ‘SpaTimeClus/libs/SpaTimeClus.so’:
     Found no calls to: ‘R_registerRoutines’, ‘R_useDynamicSymbols’
    
    It is good practice to register native routines and to disable symbol
    search.
    
    See ‘Writing portable packages’ in the ‘Writing R Extensions’ manual.
Flavors: r-devel-linux-x86_64-fedora-clang, r-devel-linux-x86_64-fedora-gcc