CRAN Package Check Results for Package SpaTimeClus

Last updated on 2020-05-30 05:48:18 CEST.

Flavor Version Tinstall Tcheck Ttotal Status Flags
r-devel-linux-x86_64-debian-clang 1.0 93.57 27.16 120.73 NOTE
r-devel-linux-x86_64-debian-gcc 1.0 69.36 22.01 91.37 NOTE
r-devel-linux-x86_64-fedora-clang 1.0 173.89 NOTE
r-devel-linux-x86_64-fedora-gcc 1.0 153.20 NOTE
r-devel-windows-ix86+x86_64 1.0 212.00 75.00 287.00 NOTE
r-patched-linux-x86_64 1.0 73.18 27.71 100.89 NOTE
r-patched-solaris-x86 1.0 149.40 NOTE
r-release-linux-x86_64 1.0 75.32 27.32 102.64 NOTE
r-release-osx-x86_64 1.0 NOTE
r-release-windows-ix86+x86_64 1.0 178.00 80.00 258.00 NOTE
r-oldrel-osx-x86_64 1.0 NOTE
r-oldrel-windows-ix86+x86_64 1.0 200.00 57.00 257.00 NOTE

Check Details

Version: 1.0
Check: line endings in C/C++/Fortran sources/headers
Result: NOTE
    Found the following sources/headers not terminated with a newline:
     inst/include/STCXEM.h
     inst/include/STCXEMnonspatial.h
     inst/include/STCXEMspatial.h
     inst/include/STCdata.h
     inst/include/STCmodel.h
     inst/include/STCparam.h
     inst/include/STCtune.h
    Some compilers warn on such files.
Flavors: r-devel-linux-x86_64-debian-clang, r-devel-linux-x86_64-debian-gcc, r-devel-linux-x86_64-fedora-clang, r-devel-linux-x86_64-fedora-gcc, r-devel-windows-ix86+x86_64, r-patched-linux-x86_64, r-patched-solaris-x86, r-release-linux-x86_64, r-release-osx-x86_64, r-release-windows-ix86+x86_64, r-oldrel-osx-x86_64, r-oldrel-windows-ix86+x86_64

Version: 1.0
Check: installed package size
Result: NOTE
     installed size is 5.8Mb
     sub-directories of 1Mb or more:
     libs 5.6Mb
Flavor: r-devel-linux-x86_64-fedora-clang

Version: 1.0
Check: compiled code
Result: NOTE
    File ‘SpaTimeClus/libs/SpaTimeClus.so’:
     Found no calls to: ‘R_registerRoutines’, ‘R_useDynamicSymbols’
    
    It is good practice to register native routines and to disable symbol
    search.
    
    See ‘Writing portable packages’ in the ‘Writing R Extensions’ manual.
Flavors: r-devel-linux-x86_64-fedora-clang, r-devel-linux-x86_64-fedora-gcc