CRAN Package Check Results for Package SpaTimeClus

Last updated on 2021-01-15 05:49:06 CET.

Flavor Version Tinstall Tcheck Ttotal Status Flags
r-devel-linux-x86_64-debian-clang 1.0.1 93.12 29.87 122.99 OK
r-devel-linux-x86_64-debian-gcc 1.0.1 64.59 23.21 87.80 OK
r-devel-linux-x86_64-fedora-clang 1.0.1 183.82 NOTE
r-devel-linux-x86_64-fedora-gcc 1.0.1 158.80 NOTE
r-devel-windows-ix86+x86_64 1.0.1 213.00 72.00 285.00 OK
r-patched-linux-x86_64 1.0.1 71.70 29.00 100.70 OK
r-patched-solaris-x86 1.0.1 158.70 OK
r-release-linux-x86_64 1.0.1 74.67 28.66 103.33 OK
r-release-macos-x86_64 1.0.1 OK
r-release-windows-ix86+x86_64 1.0.1 216.00 62.00 278.00 OK
r-oldrel-macos-x86_64 1.0.1 OK
r-oldrel-windows-ix86+x86_64 1.0.1 144.00 50.00 194.00 OK

Check Details

Version: 1.0.1
Check: installed package size
Result: NOTE
     installed size is 5.8Mb
     sub-directories of 1Mb or more:
     libs 5.6Mb
Flavor: r-devel-linux-x86_64-fedora-clang

Version: 1.0.1
Check: compiled code
Result: NOTE
    File ‘SpaTimeClus/libs/SpaTimeClus.so’:
     Found no calls to: ‘R_registerRoutines’, ‘R_useDynamicSymbols’
    
    It is good practice to register native routines and to disable symbol
    search.
    
    See ‘Writing portable packages’ in the ‘Writing R Extensions’ manual.
Flavors: r-devel-linux-x86_64-fedora-clang, r-devel-linux-x86_64-fedora-gcc