Last updated on 2023-02-02 06:03:43 CET.
Flavor | Version | Tinstall | Tcheck | Ttotal | Status | Flags |
---|---|---|---|---|---|---|
r-devel-linux-x86_64-debian-clang | 0.2-0 | 54.07 | 92.33 | 146.40 | NOTE | |
r-devel-linux-x86_64-debian-gcc | 0.2-0 | 44.97 | 67.82 | 112.79 | NOTE | |
r-devel-linux-x86_64-fedora-clang | 0.2-0 | 216.23 | NOTE | |||
r-devel-linux-x86_64-fedora-gcc | 0.2-0 | 199.19 | NOTE | |||
r-devel-windows-x86_64 | 0.2-0 | 61.00 | 145.00 | 206.00 | NOTE | |
r-patched-linux-x86_64 | 0.2-0 | 46.57 | 87.12 | 133.69 | OK | |
r-release-linux-x86_64 | 0.2-0 | 48.31 | 88.58 | 136.89 | OK | |
r-release-macos-arm64 | 0.2-0 | 57.00 | NOTE | |||
r-release-macos-x86_64 | 0.2-0 | 71.00 | NOTE | |||
r-release-windows-x86_64 | 0.2-0 | 54.00 | 147.00 | 201.00 | OK | |
r-oldrel-macos-arm64 | 0.2-0 | 51.00 | NOTE | |||
r-oldrel-macos-x86_64 | 0.2-0 | 70.00 | NOTE | |||
r-oldrel-windows-ix86+x86_64 | 0.2-0 | 138.00 | 151.00 | 289.00 | OK |
Version: 0.2-0
Check: C++ specification
Result: NOTE
Specified C++11: please update to current default of C++17
Flavors: r-devel-linux-x86_64-debian-clang, r-devel-linux-x86_64-debian-gcc, r-devel-linux-x86_64-fedora-clang, r-devel-linux-x86_64-fedora-gcc, r-devel-windows-x86_64
Version: 0.2-0
Check: installed package size
Result: NOTE
installed size is 5.3Mb
sub-directories of 1Mb or more:
data 2.4Mb
libs 2.8Mb
Flavors: r-release-macos-arm64, r-release-macos-x86_64, r-oldrel-macos-arm64, r-oldrel-macos-x86_64