CRAN Package Check Results for Package SparseBiplots

Last updated on 2022-08-16 05:54:12 CEST.

Flavor Version Tinstall Tcheck Ttotal Status Flags
r-devel-linux-x86_64-debian-clang 4.0.1 11.46 102.71 114.17 OK
r-devel-linux-x86_64-debian-gcc 4.0.1 6.97 74.90 81.87 OK
r-devel-linux-x86_64-fedora-clang 4.0.1 154.07 NOTE
r-devel-linux-x86_64-fedora-gcc 4.0.1 140.64 NOTE
r-devel-windows-x86_64 4.0.1 17.00 120.00 137.00 OK
r-patched-linux-x86_64 4.0.1 17.49 96.12 113.61 OK
r-release-linux-x86_64 4.0.1 7.68 95.18 102.86 OK
r-release-macos-arm64 4.0.1 38.00 NOTE
r-release-macos-x86_64 4.0.1 70.00 NOTE
r-release-windows-x86_64 4.0.1 25.00 117.00 142.00 OK
r-oldrel-macos-arm64 4.0.1 42.00 NOTE
r-oldrel-macos-x86_64 4.0.1 59.00 NOTE
r-oldrel-windows-ix86+x86_64 4.0.1 25.00 116.00 141.00 OK

Check Details

Version: 4.0.1
Check: dependencies in R code
Result: NOTE
    Namespaces in Imports field not imported from:
     ‘gtable’ ‘rlang’ ‘testthat’
     All declared Imports should be used.
Flavors: r-devel-linux-x86_64-fedora-clang, r-devel-linux-x86_64-fedora-gcc, r-release-macos-arm64, r-release-macos-x86_64, r-oldrel-macos-arm64, r-oldrel-macos-x86_64