CRAN Package Check Results for Package SpatialPOP

Last updated on 2022-08-08 05:50:38 CEST.

Flavor Version Tinstall Tcheck Ttotal Status Flags
r-devel-linux-x86_64-debian-clang 0.1.0 2.67 30.93 33.60 OK
r-devel-linux-x86_64-debian-gcc 0.1.0 2.03 24.45 26.48 OK
r-devel-linux-x86_64-fedora-clang 0.1.0 52.45 NOTE
r-devel-linux-x86_64-fedora-gcc 0.1.0 50.74 NOTE
r-devel-windows-x86_64 0.1.0 6.00 58.00 64.00 OK
r-patched-linux-x86_64 0.1.0 1.66 31.17 32.83 OK
r-release-linux-x86_64 0.1.0 OK
r-release-macos-arm64 0.1.0 20.00 NOTE
r-release-macos-x86_64 0.1.0 26.00 NOTE
r-release-windows-x86_64 0.1.0 12.00 62.00 74.00 OK
r-oldrel-macos-arm64 0.1.0 18.00 NOTE
r-oldrel-macos-x86_64 0.1.0 23.00 NOTE
r-oldrel-windows-ix86+x86_64 0.1.0 7.00 54.00 61.00 OK

Check Details

Version: 0.1.0
Check: dependencies in R code
Result: NOTE
    Namespace in Imports field not imported from: ‘MASS’
     All declared Imports should be used.
Flavors: r-devel-linux-x86_64-fedora-clang, r-devel-linux-x86_64-fedora-gcc, r-release-macos-arm64, r-release-macos-x86_64, r-oldrel-macos-arm64, r-oldrel-macos-x86_64