CRAN Package Check Results for Package SphericalCubature

Last updated on 2020-05-30 05:48:18 CEST.

Flavor Version Tinstall Tcheck Ttotal Status Flags
r-devel-linux-x86_64-debian-clang 1.4 4.82 48.30 53.12 OK
r-devel-linux-x86_64-debian-gcc 1.4 4.42 37.24 41.66 OK
r-devel-linux-x86_64-fedora-clang 1.4 63.22 OK
r-devel-linux-x86_64-fedora-gcc 1.4 62.10 OK
r-devel-windows-ix86+x86_64 1.4 20.00 63.00 83.00 OK
r-patched-linux-x86_64 1.4 4.32 47.25 51.57 OK
r-patched-solaris-x86 1.4 90.10 OK
r-release-linux-x86_64 1.4 5.59 47.80 53.39 OK
r-release-osx-x86_64 1.4 OK
r-release-windows-ix86+x86_64 1.4 15.00 81.00 96.00 OK
r-oldrel-osx-x86_64 1.4 WARN
r-oldrel-windows-ix86+x86_64 1.4 14.00 63.00 77.00 OK

Check Details

Version: 1.4
Check: whether package can be installed
Result: WARN
    Found the following significant warnings:
     Warning: 'rgl_init' failed, running with rgl.useNULL = TRUE
Flavor: r-oldrel-osx-x86_64