CRAN Package Check Results for Package SphericalCubature

Last updated on 2019-10-17 05:47:18 CEST.

Flavor Version Tinstall Tcheck Ttotal Status Flags
r-devel-linux-x86_64-debian-clang 1.4 4.40 41.66 46.06 OK
r-devel-linux-x86_64-debian-gcc 1.4 3.83 32.54 36.37 OK
r-devel-linux-x86_64-fedora-clang 1.4 55.26 OK
r-devel-linux-x86_64-fedora-gcc 1.4 56.00 OK
r-devel-windows-ix86+x86_64 1.4 26.00 53.00 79.00 OK
r-patched-linux-x86_64 1.4 4.48 41.48 45.96 OK
r-patched-solaris-x86 1.4 81.50 OK
r-release-linux-x86_64 1.4 4.33 41.21 45.54 OK
r-release-windows-ix86+x86_64 1.4 14.00 84.00 98.00 OK
r-release-osx-x86_64 1.4 WARN
r-oldrel-windows-ix86+x86_64 1.4 8.00 57.00 65.00 OK
r-oldrel-osx-x86_64 1.4 OK

Check Details

Version: 1.4
Check: whether package can be installed
Result: WARN
    Found the following significant warnings:
     Warning: 'rgl_init' failed, running with rgl.useNULL = TRUE
Flavor: r-release-osx-x86_64