CRAN Package Check Results for Package SplitReg

Last updated on 2019-11-17 05:47:25 CET.

Flavor Version Tinstall Tcheck Ttotal Status Flags
r-devel-linux-x86_64-debian-clang 1.0.0 39.33 69.91 109.24 WARN
r-devel-linux-x86_64-debian-gcc 1.0.0 27.54 43.73 71.27 WARN
r-devel-linux-x86_64-fedora-clang 1.0.0 140.64 WARN
r-devel-linux-x86_64-fedora-gcc 1.0.0 162.05 WARN
r-devel-windows-ix86+x86_64 1.0.0 80.00 230.00 310.00 NOTE
r-patched-linux-x86_64 1.0.0 29.30 90.68 119.98 OK
r-patched-solaris-x86 1.0.0 177.20 OK
r-release-linux-x86_64 1.0.0 30.19 92.46 122.65 OK
r-release-windows-ix86+x86_64 1.0.0 60.00 198.00 258.00 OK
r-release-osx-x86_64 1.0.0 OK
r-oldrel-windows-ix86+x86_64 1.0.0 70.00 235.00 305.00 OK
r-oldrel-osx-x86_64 1.0.0 OK

Additional issues

clang-UBSAN MKL

Check Details

Version: 1.0.0
Check: whether package can be installed
Result: WARN
    Found the following significant warnings:
     'config' variable 'CPP' is deprecated
     'config' variable 'CXXCPP' is deprecated
Flavors: r-devel-linux-x86_64-debian-clang, r-devel-linux-x86_64-debian-gcc, r-devel-linux-x86_64-fedora-clang, r-devel-linux-x86_64-fedora-gcc

Version: 1.0.0
Check: use of PKG_*FLAGS in Makefiles
Result: NOTE
     PKG_CFLAGS set in 'src/Makevars.in' without any corresponding files
Flavors: r-devel-linux-x86_64-debian-clang, r-devel-linux-x86_64-debian-gcc, r-devel-windows-ix86+x86_64

Version: 1.0.0
Check: top-level files
Result: NOTE
    ‘cleanup’: /bin/bash is not portable
Flavors: r-devel-linux-x86_64-fedora-clang, r-devel-linux-x86_64-fedora-gcc

Version: 1.0.0
Check: use of PKG_*FLAGS in Makefiles
Result: NOTE
     PKG_CFLAGS set in ‘src/Makevars’ without any corresponding files
     PKG_CFLAGS set in ‘src/Makevars.in’ without any corresponding files
Flavors: r-devel-linux-x86_64-fedora-clang, r-devel-linux-x86_64-fedora-gcc