CRAN Package Check Results for Package StatDA

Last updated on 2021-12-07 05:55:20 CET.

Flavor Version Tinstall Tcheck Ttotal Status Flags
r-devel-linux-x86_64-debian-clang 1.7.4 20.96 154.93 175.89 OK
r-devel-linux-x86_64-debian-gcc 1.7.4 16.38 121.17 137.55 OK
r-devel-linux-x86_64-fedora-clang 1.7.4 226.72 NOTE
r-devel-linux-x86_64-fedora-gcc 1.7.4 207.33 OK
r-devel-windows-x86_64-new-UL 1.7.4 33.00 229.00 262.00 OK
r-devel-windows-x86_64-new-TK 1.7.4 OK
r-devel-windows-x86_64-old 1.7.4 24.00 178.00 202.00 OK
r-patched-linux-x86_64 1.7.4 22.09 150.45 172.54 OK
r-release-linux-x86_64 1.7.4 18.98 149.94 168.92 OK
r-release-macos-arm64 1.7.4 OK
r-release-macos-x86_64 1.7.4 OK
r-release-windows-ix86+x86_64 1.7.4 25.00 171.00 196.00 OK
r-oldrel-macos-x86_64 1.7.4 OK
r-oldrel-windows-ix86+x86_64 1.7.4 33.00 179.00 212.00 OK

Check Details

Version: 1.7.4
Check: Rd cross-references
Result: NOTE
    Undeclared package ‘rgr’ in Rd xrefs
Flavor: r-devel-linux-x86_64-fedora-clang