CRAN Package Check Results for Package SubTite

Last updated on 2019-10-17 05:47:18 CEST.

Flavor Version Tinstall Tcheck Ttotal Status Flags
r-devel-linux-x86_64-debian-clang 2.0.3 137.96 30.73 168.69 NOTE
r-devel-linux-x86_64-debian-gcc 2.0.3 47.88 24.12 72.00 NOTE
r-devel-linux-x86_64-fedora-clang 2.0.3 267.73 NOTE
r-devel-linux-x86_64-fedora-gcc 2.0.3 128.63 NOTE
r-devel-windows-ix86+x86_64 2.0.3 113.00 71.00 184.00 OK
r-patched-linux-x86_64 2.0.3 47.29 30.51 77.80 NOTE
r-patched-solaris-x86 2.0.3 139.80 OK
r-release-linux-x86_64 2.0.3 45.49 30.33 75.82 NOTE
r-release-windows-ix86+x86_64 2.0.3 77.00 66.00 143.00 OK
r-release-osx-x86_64 2.0.3 NOTE
r-oldrel-windows-ix86+x86_64 2.0.3 72.00 71.00 143.00 OK
r-oldrel-osx-x86_64 2.0.3 NOTE

Additional issues

valgrind

Check Details

Version: 2.0.3
Check: use of SHLIB_OPENMP_*FLAGS in Makefiles
Result: NOTE
     src/Makevars: SHLIB_OPENMP_CXXFLAGS is included in PKG_CXXFLAGS but not in PKG_LIBS
     src/Makevars: SHLIB_OPENMP_CFLAGS is included in PKG_LIBS but linking is by C++
     src/Makevars.win: SHLIB_OPENMP_CXXFLAGS is included in PKG_CXXFLAGS but not in PKG_LIBS
     src/Makevars.win: SHLIB_OPENMP_CFLAGS is included in PKG_LIBS but linking is by C++
    Use of these macros is discussed in sect 1.2.1.1 of 'Writing R
    Extensions'. The macros for different languages may differ so the
    matching macro must be used in PKG_CXXFLAGS (etc) and match that used
    in PKG_LIBS (except for Fortran: see the manual).
Flavors: r-devel-linux-x86_64-debian-clang, r-devel-linux-x86_64-debian-gcc, r-devel-linux-x86_64-fedora-clang, r-devel-linux-x86_64-fedora-gcc, r-patched-linux-x86_64, r-release-linux-x86_64

Version: 2.0.3
Check: installed package size
Result: NOTE
     installed size is 6.4Mb
     sub-directories of 1Mb or more:
     libs 6.3Mb
Flavors: r-devel-linux-x86_64-fedora-clang, r-release-osx-x86_64, r-oldrel-osx-x86_64