CRAN Package Check Results for Package SynchWave

Last updated on 2023-01-29 05:49:50 CET.

Flavor Version Tinstall Tcheck Ttotal Status Flags
r-devel-linux-x86_64-debian-clang 1.1.2 9.64 96.96 106.60 OK
r-devel-linux-x86_64-debian-gcc 1.1.2 7.27 70.89 78.16 OK
r-devel-linux-x86_64-fedora-clang 1.1.2 126.75 NOTE
r-devel-linux-x86_64-fedora-gcc 1.1.2 127.97 NOTE
r-devel-windows-x86_64 1.1.2 22.00 135.00 157.00 OK
r-patched-linux-x86_64 1.1.2 10.67 91.87 102.54 OK
r-release-linux-x86_64 1.1.2 6.52 91.73 98.25 OK
r-release-macos-arm64 1.1.2 37.00 OK
r-release-macos-x86_64 1.1.2 56.00 OK
r-release-windows-x86_64 1.1.2 24.00 134.00 158.00 OK
r-oldrel-macos-arm64 1.1.2 35.00 OK
r-oldrel-macos-x86_64 1.1.2 58.00 OK
r-oldrel-windows-ix86+x86_64 1.1.2 24.00 170.00 194.00 OK

Check Details

Version: 1.1.2
Check: compiled code
Result: NOTE
    File ‘SynchWave/libs/SynchWave.so’:
     Found no calls to: ‘R_registerRoutines’, ‘R_useDynamicSymbols’
    
    It is good practice to register native routines and to disable symbol
    search.
    
    See ‘Writing portable packages’ in the ‘Writing R Extensions’ manual.
Flavors: r-devel-linux-x86_64-fedora-clang, r-devel-linux-x86_64-fedora-gcc