CRAN Package Check Results for Package TAG

Last updated on 2021-01-18 05:47:41 CET.

Flavor Version Tinstall Tcheck Ttotal Status Flags
r-devel-linux-x86_64-debian-clang 0.2.1 40.17 100.83 141.00 OK
r-devel-linux-x86_64-debian-gcc 0.2.1 25.51 77.95 103.46 OK
r-devel-linux-x86_64-fedora-clang 0.2.1 186.03 NOTE
r-devel-linux-x86_64-fedora-gcc 0.2.1 164.76 NOTE
r-devel-windows-ix86+x86_64 0.2.1 62.00 150.00 212.00 OK
r-patched-linux-x86_64 0.2.1 30.35 95.22 125.57 OK
r-patched-solaris-x86 0.2.1 223.50 NOTE
r-release-linux-x86_64 0.2.1 31.59 94.79 126.38 OK
r-release-macos-x86_64 0.2.1 NOTE
r-release-windows-ix86+x86_64 0.2.1 70.00 164.00 234.00 OK
r-oldrel-macos-x86_64 0.2.1 NOTE
r-oldrel-windows-ix86+x86_64 0.2.1 74.00 183.00 257.00 OK

Check Details

Version: 0.2.1
Check: dependencies in R code
Result: NOTE
    Namespace in Imports field not imported from: ‘foreach’
     All declared Imports should be used.
Flavors: r-devel-linux-x86_64-fedora-clang, r-devel-linux-x86_64-fedora-gcc, r-patched-solaris-x86, r-release-macos-x86_64, r-oldrel-macos-x86_64