CRAN Package Check Results for Package TBRDist

Last updated on 2021-09-26 05:51:24 CEST.

Flavor Version Tinstall Tcheck Ttotal Status Flags
r-devel-linux-x86_64-debian-clang 1.0.2 44.54 117.38 161.92 NOTE
r-devel-linux-x86_64-debian-gcc 1.0.2 36.08 92.83 128.91 NOTE
r-devel-linux-x86_64-fedora-clang 1.0.2 218.94 NOTE
r-devel-linux-x86_64-fedora-gcc 1.0.2 206.31 NOTE
r-devel-windows-x86_64 1.0.2 44.00 119.00 163.00 NOTE
r-devel-windows-x86_64-gcc10-UCRT 1.0.2 NOTE
r-patched-linux-x86_64 1.0.2 41.03 113.47 154.50 NOTE
r-patched-solaris-x86 1.0.2 291.50 NOTE
r-release-linux-x86_64 1.0.2 41.61 115.39 157.00 NOTE
r-release-macos-arm64 1.0.2 NOTE
r-release-macos-x86_64 1.0.2 NOTE
r-release-windows-ix86+x86_64 1.0.2 108.00 216.00 324.00 NOTE
r-oldrel-macos-x86_64 1.0.2 NOTE
r-oldrel-windows-ix86+x86_64 1.0.2 78.00 181.00 259.00 OK

Check Details

Version: 1.0.2
Check: LazyData
Result: NOTE
     'LazyData' is specified without a 'data' directory
Flavors: r-devel-linux-x86_64-debian-clang, r-devel-linux-x86_64-debian-gcc, r-devel-linux-x86_64-fedora-clang, r-devel-linux-x86_64-fedora-gcc, r-devel-windows-x86_64, r-devel-windows-x86_64-gcc10-UCRT, r-patched-linux-x86_64, r-patched-solaris-x86, r-release-linux-x86_64, r-release-macos-arm64, r-release-macos-x86_64, r-release-windows-ix86+x86_64

Version: 1.0.2
Check: installed package size
Result: NOTE
     installed size is 6.4Mb
     sub-directories of 1Mb or more:
     libs 6.3Mb
Flavors: r-release-macos-arm64, r-release-macos-x86_64, r-oldrel-macos-x86_64