CRAN Package Check Results for Package TDD

Last updated on 2021-09-21 05:51:39 CEST.

Flavor Version Tinstall Tcheck Ttotal Status Flags
r-devel-linux-x86_64-debian-clang 0.4 4.00 35.41 39.41 NOTE
r-devel-linux-x86_64-debian-gcc 0.4 3.08 27.68 30.76 NOTE
r-devel-linux-x86_64-fedora-clang 0.4 56.03 NOTE
r-devel-linux-x86_64-fedora-gcc 0.4 45.61 NOTE
r-devel-windows-x86_64 0.4 4.00 38.00 42.00 NOTE
r-devel-windows-x86_64-gcc10-UCRT 0.4 ERROR
r-patched-linux-x86_64 0.4 3.85 33.99 37.84 NOTE
r-patched-solaris-x86 0.4 69.70 NOTE
r-release-linux-x86_64 0.4 3.10 34.79 37.89 NOTE
r-release-macos-arm64 0.4 NOTE
r-release-macos-x86_64 0.4 NOTE
r-release-windows-ix86+x86_64 0.4 8.00 53.00 61.00 NOTE
r-oldrel-macos-x86_64 0.4 NOTE
r-oldrel-windows-ix86+x86_64 0.4 7.00 40.00 47.00 NOTE

Check Details

Version: 0.4
Check: dependencies in R code
Result: NOTE
    Packages in Depends field not imported from:
     'RSEIS' 'pracma' 'signal'
     These packages need to be imported from (in the NAMESPACE file)
     for when this namespace is loaded but not attached.
Flavors: r-devel-linux-x86_64-debian-clang, r-devel-linux-x86_64-debian-gcc, r-devel-linux-x86_64-fedora-clang, r-devel-linux-x86_64-fedora-gcc, r-devel-windows-x86_64, r-devel-windows-x86_64-gcc10-UCRT, r-patched-linux-x86_64, r-patched-solaris-x86, r-release-linux-x86_64, r-release-macos-arm64, r-release-macos-x86_64, r-release-windows-ix86+x86_64, r-oldrel-macos-x86_64, r-oldrel-windows-ix86+x86_64

Version: 0.4
Check: R code for possible problems
Result: NOTE
    CalcCorners: no visible global function definition for 'abline'
    ConvDiffCoef: no visible global function definition for 'pascal'
    ConvolveTrace: no visible global function definition for 'filter'
    DeconTrace: no visible global function definition for 'as.Zpg'
    DeconTrace: no visible global function definition for 'butter'
    DeconTrace: no visible global function definition for 'filter'
    GetDPZ: no visible global function definition for 'data'
    MakeDPZ: no visible global function definition for 'bilinear'
    MakeDPZ: no visible global function definition for 'fft'
    MakeDPZ: no visible global function definition for 'lines'
    MakeDPZ: no visible global function definition for 'legend'
    MatchCoefDPZ : CalcMisfit: no visible global function definition for
     'fft'
    MatchCoefDPZ : CalcMisfit: no visible global function definition for
     'filter'
    MatchCoefDPZ : generate: no visible global function definition for
     'runif'
    MatchCoefDPZ : generate: no visible global function definition for
     'rnorm'
    MatchCoefDPZ: no visible global function definition for 'fft'
    MatchCoefDPZ: no visible global function definition for 'filter'
    MatchCoefDPZ: no visible global function definition for 'Zpg'
    MatchCoefDPZ: no visible global function definition for 'lines'
    MatchCoefDPZ: no visible global function definition for 'abline'
    Metropolis: no visible global function definition for 'runif'
    PZ2Coef: no visible global function definition for 'Poly'
    PlotResp: no visible global function definition for 'fft'
    PlotResp: no visible global function definition for 'filter'
    PlotResp: no visible global function definition for 'lines'
    Undefined global functions or variables:
     Poly Zpg abline as.Zpg bilinear butter data fft filter legend lines
     pascal rnorm runif
    Consider adding
     importFrom("graphics", "abline", "legend", "lines")
     importFrom("stats", "fft", "filter", "rnorm", "runif")
     importFrom("utils", "data")
    to your NAMESPACE file.
Flavors: r-devel-linux-x86_64-debian-clang, r-devel-linux-x86_64-debian-gcc, r-devel-linux-x86_64-fedora-clang, r-devel-linux-x86_64-fedora-gcc, r-devel-windows-x86_64, r-devel-windows-x86_64-gcc10-UCRT, r-patched-linux-x86_64, r-patched-solaris-x86, r-release-linux-x86_64, r-release-macos-arm64, r-release-macos-x86_64, r-release-windows-ix86+x86_64, r-oldrel-macos-x86_64, r-oldrel-windows-ix86+x86_64

Version: 0.4
Check: whether package can be installed
Result: WARN
    Found the following significant warnings:
     WARNING: installation-time patches will not be applied, could not get the patches index
Flavor: r-devel-windows-x86_64-gcc10-UCRT

Version: 0.4
Check: PDF version of manual
Result: WARN
    LaTeX errors when creating PDF version.
    This typically indicates Rd problems.
Flavor: r-devel-windows-x86_64-gcc10-UCRT

Version: 0.4
Check: PDF version of manual without hyperrefs or index
Result: ERROR
    Re-running with no redirection of stdout/stderr.
Flavor: r-devel-windows-x86_64-gcc10-UCRT