CRAN Package Check Results for Package TH.data

Last updated on 2019-08-19 05:46:37 CEST.

Flavor Version Tinstall Tcheck Ttotal Status Flags
r-devel-linux-x86_64-debian-clang 1.0-10 5.63 27.66 33.29 OK
r-devel-linux-x86_64-debian-gcc 1.0-10 4.10 22.52 26.62 OK
r-devel-linux-x86_64-fedora-clang 1.0-10 41.60 NOTE
r-devel-linux-x86_64-fedora-gcc 1.0-10 40.22 OK
r-devel-windows-ix86+x86_64 1.0-10 10.00 55.00 65.00 NOTE
r-patched-linux-x86_64 1.0-10 4.60 27.29 31.89 OK
r-patched-solaris-x86 1.0-10 66.60 NOTE
r-release-linux-x86_64 1.0-10 4.50 26.98 31.48 OK
r-release-windows-ix86+x86_64 1.0-10 10.00 41.00 51.00 NOTE
r-release-osx-x86_64 1.0-10 NOTE
r-oldrel-windows-ix86+x86_64 1.0-10 12.00 53.00 65.00 NOTE
r-oldrel-osx-x86_64 1.0-10 NOTE

Check Details

Version: 1.0-10
Check: installed package size
Result: NOTE
     installed size is 8.5Mb
     sub-directories of 1Mb or more:
     data 1.2Mb
     rda 7.1Mb
Flavors: r-devel-linux-x86_64-fedora-clang, r-devel-windows-ix86+x86_64, r-patched-solaris-x86, r-release-windows-ix86+x86_64, r-release-osx-x86_64, r-oldrel-windows-ix86+x86_64, r-oldrel-osx-x86_64