CRAN Package Check Results for Package TH.data

Last updated on 2019-12-09 05:47:31 CET.

Flavor Version Tinstall Tcheck Ttotal Status Flags
r-devel-linux-x86_64-debian-clang 1.0-10 5.18 29.96 35.14 OK
r-devel-linux-x86_64-debian-gcc 1.0-10 4.89 24.32 29.21 OK
r-devel-linux-x86_64-fedora-clang 1.0-10 44.65 NOTE
r-devel-linux-x86_64-fedora-gcc 1.0-10 42.07 OK
r-devel-windows-ix86+x86_64 1.0-10 11.00 60.00 71.00 NOTE
r-devel-windows-ix86+x86_64-gcc8 1.0-10 11.00 42.00 53.00 NOTE
r-patched-linux-x86_64 1.0-10 5.39 27.86 33.25 OK
r-patched-solaris-x86 1.0-10 63.00 NOTE
r-release-linux-x86_64 1.0-10 5.20 27.15 32.35 OK
r-release-windows-ix86+x86_64 1.0-10 19.00 43.00 62.00 NOTE
r-release-osx-x86_64 1.0-10 NOTE
r-oldrel-windows-ix86+x86_64 1.0-10 7.00 40.00 47.00 NOTE
r-oldrel-osx-x86_64 1.0-10 NOTE

Check Details

Version: 1.0-10
Check: installed package size
Result: NOTE
     installed size is 8.5Mb
     sub-directories of 1Mb or more:
     data 1.2Mb
     rda 7.1Mb
Flavors: r-devel-linux-x86_64-fedora-clang, r-devel-windows-ix86+x86_64, r-devel-windows-ix86+x86_64-gcc8, r-patched-solaris-x86, r-release-windows-ix86+x86_64, r-release-osx-x86_64, r-oldrel-windows-ix86+x86_64, r-oldrel-osx-x86_64