CRAN Package Check Results for Package TH.data

Last updated on 2021-10-17 05:49:28 CEST.

Flavor Version Tinstall Tcheck Ttotal Status Flags
r-devel-linux-x86_64-debian-clang 1.1-0 6.83 86.62 93.45 OK
r-devel-linux-x86_64-debian-gcc 1.1-0 4.77 65.06 69.83 OK
r-devel-linux-x86_64-fedora-clang 1.1-0 122.45 NOTE
r-devel-linux-x86_64-fedora-gcc 1.1-0 110.51 OK
r-devel-windows-x86_64 1.1-0 10.00 539.00 549.00 NOTE
r-devel-windows-x86_64-gcc10-UCRT 1.1-0 OK
r-patched-linux-x86_64 1.1-0 5.92 81.28 87.20 OK
r-patched-solaris-x86 1.1-0 203.80 NOTE
r-release-linux-x86_64 1.1-0 5.37 81.36 86.73 OK
r-release-macos-arm64 1.1-0 NOTE
r-release-macos-x86_64 1.1-0 NOTE
r-release-windows-ix86+x86_64 1.1-0 10.00 540.00 550.00 NOTE
r-oldrel-macos-x86_64 1.1-0 NOTE
r-oldrel-windows-ix86+x86_64 1.1-0 15.00 663.00 678.00 NOTE

Check Details

Version: 1.1-0
Check: installed package size
Result: NOTE
     installed size is 8.9Mb
     sub-directories of 1Mb or more:
     data 1.2Mb
     rda 7.1Mb
Flavors: r-devel-linux-x86_64-fedora-clang, r-devel-windows-x86_64, r-patched-solaris-x86, r-release-macos-arm64, r-release-macos-x86_64, r-release-windows-ix86+x86_64, r-oldrel-macos-x86_64, r-oldrel-windows-ix86+x86_64