CRAN Package Check Results for Package TIMP

Last updated on 2021-09-28 05:48:59 CEST.

Flavor Version Tinstall Tcheck Ttotal Status Flags
r-devel-linux-x86_64-debian-clang 1.13.2 21.47 162.62 184.09 NOTE
r-devel-linux-x86_64-debian-gcc 1.13.2 16.63 118.14 134.77 NOTE
r-devel-linux-x86_64-fedora-clang 1.13.2 221.40 NOTE
r-devel-linux-x86_64-fedora-gcc 1.13.2 215.66 NOTE
r-devel-windows-x86_64 1.13.2 24.00 137.00 161.00 OK
r-devel-windows-x86_64-gcc10-UCRT 1.13.2 OK
r-patched-linux-x86_64 1.13.2 21.36 152.02 173.38 NOTE
r-patched-solaris-x86 1.13.2 271.30 NOTE
r-release-linux-x86_64 1.13.2 19.06 151.73 170.79 NOTE
r-release-macos-arm64 1.13.2 OK
r-release-macos-x86_64 1.13.2 OK
r-release-windows-ix86+x86_64 1.13.2 43.00 248.00 291.00 OK
r-oldrel-macos-x86_64 1.13.2 OK
r-oldrel-windows-ix86+x86_64 1.13.2 36.00 188.00 224.00 OK

Check Details

Version: 1.13.2
Check: for non-standard things in the check directory
Result: NOTE
    Found the following files/directories:
     '_paramEst.txt'
Flavors: r-devel-linux-x86_64-debian-clang, r-devel-linux-x86_64-debian-gcc, r-devel-linux-x86_64-fedora-clang, r-devel-linux-x86_64-fedora-gcc, r-patched-linux-x86_64, r-patched-solaris-x86, r-release-linux-x86_64