CRAN Package Check Results for Package TIMP

Last updated on 2019-07-16 05:48:36 CEST.

Flavor Version Tinstall Tcheck Ttotal Status Flags
r-devel-linux-x86_64-debian-clang 1.13.2 17.08 112.41 129.49 NOTE
r-devel-linux-x86_64-debian-gcc 1.13.2 13.61 87.89 101.50 NOTE
r-devel-linux-x86_64-fedora-clang 1.13.2 164.82 NOTE
r-devel-linux-x86_64-fedora-gcc 1.13.2 160.09 NOTE
r-devel-windows-ix86+x86_64 1.13.2 40.00 160.00 200.00 OK
r-patched-linux-x86_64 1.13.2 18.81 113.14 131.95 OK
r-patched-solaris-x86 1.13.2 211.10 OK
r-release-linux-x86_64 1.13.2 17.06 111.81 128.87 OK
r-release-windows-ix86+x86_64 1.13.2 27.00 226.00 253.00 OK
r-release-osx-x86_64 1.13.2 OK
r-oldrel-windows-ix86+x86_64 1.13.2 36.00 156.00 192.00 OK
r-oldrel-osx-x86_64 1.13.2 OK

Check Details

Version: 1.13.2
Check: for non-standard things in the check directory
Result: NOTE
    Found the following files/directories:
     '_paramEst.txt'
Flavors: r-devel-linux-x86_64-debian-clang, r-devel-linux-x86_64-debian-gcc, r-devel-linux-x86_64-fedora-clang, r-devel-linux-x86_64-fedora-gcc