CRAN Package Check Results for Package TIMP

Last updated on 2019-10-15 05:48:01 CEST.

Flavor Version Tinstall Tcheck Ttotal Status Flags
r-devel-linux-x86_64-debian-clang 1.13.2 17.35 111.69 129.04 NOTE
r-devel-linux-x86_64-debian-gcc 1.13.2 15.53 86.90 102.43 NOTE
r-devel-linux-x86_64-fedora-clang 1.13.2 171.80 NOTE
r-devel-linux-x86_64-fedora-gcc 1.13.2 160.43 NOTE
r-devel-windows-ix86+x86_64 1.13.2 27.00 257.00 284.00 OK
r-patched-linux-x86_64 1.13.2 17.55 109.01 126.56 OK
r-patched-solaris-x86 1.13.2 206.30 OK
r-release-linux-x86_64 1.13.2 17.38 110.76 128.14 OK
r-release-windows-ix86+x86_64 1.13.2 43.00 158.00 201.00 OK
r-release-osx-x86_64 1.13.2 OK
r-oldrel-windows-ix86+x86_64 1.13.2 20.00 162.00 182.00 OK
r-oldrel-osx-x86_64 1.13.2 OK

Check Details

Version: 1.13.2
Check: for non-standard things in the check directory
Result: NOTE
    Found the following files/directories:
     '_paramEst.txt'
Flavors: r-devel-linux-x86_64-debian-clang, r-devel-linux-x86_64-debian-gcc, r-devel-linux-x86_64-fedora-clang, r-devel-linux-x86_64-fedora-gcc