CRAN Package Check Results for Package TLBC

Last updated on 2021-09-21 05:51:40 CEST.

Flavor Version Tinstall Tcheck Ttotal Status Flags
r-devel-linux-x86_64-debian-clang 1.0 13.27 122.64 135.91 OK
r-devel-linux-x86_64-debian-gcc 1.0 12.76 91.41 104.17 OK
r-devel-linux-x86_64-fedora-clang 1.0 169.98 OK
r-devel-linux-x86_64-fedora-gcc 1.0 156.99 OK
r-devel-windows-x86_64 1.0 18.00 100.00 118.00 OK
r-devel-windows-x86_64-gcc10-UCRT 1.0 ERROR
r-patched-linux-x86_64 1.0 19.66 115.37 135.03 OK
r-patched-solaris-x86 1.0 233.20 OK
r-release-linux-x86_64 1.0 13.58 115.82 129.40 OK
r-release-macos-arm64 1.0 OK
r-release-macos-x86_64 1.0 OK
r-release-windows-ix86+x86_64 1.0 35.00 137.00 172.00 OK
r-oldrel-macos-x86_64 1.0 OK
r-oldrel-windows-ix86+x86_64 1.0 35.00 103.00 138.00 OK

Check Details

Version: 1.0
Check: whether package can be installed
Result: WARN
    Found the following significant warnings:
     WARNING: installation-time patches will not be applied, could not get the patches index
Flavor: r-devel-windows-x86_64-gcc10-UCRT

Version: 1.0
Check: PDF version of manual
Result: WARN
    LaTeX errors when creating PDF version.
    This typically indicates Rd problems.
Flavor: r-devel-windows-x86_64-gcc10-UCRT

Version: 1.0
Check: PDF version of manual without hyperrefs or index
Result: ERROR
    Re-running with no redirection of stdout/stderr.
Flavor: r-devel-windows-x86_64-gcc10-UCRT