CRAN Package Check Results for Package TOSTER

Last updated on 2022-01-24 05:52:05 CET.

Flavor Version Tinstall Tcheck Ttotal Status Flags
r-devel-linux-x86_64-debian-clang 0.3.4 19.32 72.74 92.06 OK
r-devel-linux-x86_64-debian-gcc 0.3.4 14.97 54.79 69.76 OK
r-devel-linux-x86_64-fedora-clang 0.3.4 120.28 NOTE
r-devel-linux-x86_64-fedora-gcc 0.3.4 104.85 NOTE
r-devel-windows-x86_64-new-UL 0.3.4 44.00 117.00 161.00 OK
r-devel-windows-x86_64-new-TK 0.3.4 NOTE
r-patched-linux-x86_64 0.3.4 20.28 69.87 90.15 OK
r-release-linux-x86_64 0.3.4 17.82 67.91 85.73 OK
r-release-macos-arm64 0.3.4 NOTE
r-release-macos-x86_64 0.3.4 NOTE
r-release-windows-ix86+x86_64 0.3.4 37.00 290.00 327.00 OK
r-oldrel-macos-x86_64 0.3.4 NOTE
r-oldrel-windows-ix86+x86_64 0.3.4 38.00 280.00 318.00 OK

Check Details

Version: 0.3.4
Check: dependencies in R code
Result: NOTE
    Namespaces in Imports field not imported from:
     ‘R6’ ‘jmvcore’
     All declared Imports should be used.
Flavors: r-devel-linux-x86_64-fedora-clang, r-devel-linux-x86_64-fedora-gcc, r-devel-windows-x86_64-new-TK, r-release-macos-arm64, r-release-macos-x86_64, r-oldrel-macos-x86_64