CRAN Package Check Results for Package TSA

Last updated on 2021-11-29 05:50:01 CET.

Flavor Version Tinstall Tcheck Ttotal Status Flags
r-devel-linux-x86_64-debian-clang 1.3 OK
r-devel-linux-x86_64-debian-gcc 1.3 9.65 82.51 92.16 OK
r-devel-linux-x86_64-fedora-clang 1.3 162.90 NOTE
r-devel-linux-x86_64-fedora-gcc 1.3 145.18 NOTE
r-devel-windows-x86_64-new-UL 1.3 27.00 178.00 205.00 OK
r-devel-windows-x86_64-new-TK 1.3 NOTE
r-devel-windows-x86_64-old 1.3 14.00 157.00 171.00 OK
r-patched-linux-x86_64 1.3 11.93 104.84 116.77 OK
r-patched-solaris-x86 1.3 203.80 NOTE
r-release-linux-x86_64 1.3 13.47 105.83 119.30 OK
r-release-macos-arm64 1.3 NOTE
r-release-macos-x86_64 1.3 NOTE
r-release-windows-ix86+x86_64 1.3 24.00 120.00 144.00 OK
r-oldrel-macos-x86_64 1.3 NOTE
r-oldrel-windows-ix86+x86_64 1.3 19.00 156.00 175.00 OK

Check Details

Version: 1.3
Check: dependencies in R code
Result: NOTE
    Namespace in Imports field not imported from: ‘tseries’
     All declared Imports should be used.
Flavors: r-devel-linux-x86_64-fedora-clang, r-devel-linux-x86_64-fedora-gcc, r-devel-windows-x86_64-new-TK, r-patched-solaris-x86, r-release-macos-arm64, r-release-macos-x86_64, r-oldrel-macos-x86_64