CRAN Package Check Results for Package TSclust

Last updated on 2021-10-19 05:51:19 CEST.

Flavor Version Tinstall Tcheck Ttotal Status Flags
r-devel-linux-x86_64-debian-clang 1.3.1 12.47 114.00 126.47 OK
r-devel-linux-x86_64-debian-gcc 1.3.1 9.93 85.30 95.23 OK
r-devel-linux-x86_64-fedora-clang 1.3.1 162.58 NOTE
r-devel-linux-x86_64-fedora-gcc 1.3.1 151.03 OK
r-devel-windows-x86_64 1.3.1 20.00 129.00 149.00 OK
r-devel-windows-x86_64-gcc10-UCRT 1.3.1 OK
r-patched-linux-x86_64 1.3.1 16.62 109.93 126.55 OK
r-patched-solaris-x86 1.3.1 217.50 OK
r-release-linux-x86_64 1.3.1 10.39 109.67 120.06 OK
r-release-macos-arm64 1.3.1 OK
r-release-macos-x86_64 1.3.1 OK
r-release-windows-ix86+x86_64 1.3.1 20.00 133.00 153.00 OK
r-oldrel-macos-x86_64 1.3.1 OK
r-oldrel-windows-ix86+x86_64 1.3.1 28.00 371.00 399.00 OK

Check Details

Version: 1.3.1
Check: Rd cross-references
Result: NOTE
    Undeclared packages ‘fpc’, ‘clValid’, ‘clv’ in Rd xrefs
Flavor: r-devel-linux-x86_64-fedora-clang