CRAN Package Check Results for Package TSdbi

Last updated on 2021-10-21 05:51:17 CEST.

Flavor Version Tinstall Tcheck Ttotal Status Flags
r-devel-linux-x86_64-debian-clang 2017.4-1 3.92 32.92 36.84 OK
r-devel-linux-x86_64-debian-gcc 2017.4-1 3.53 26.53 30.06 OK
r-devel-linux-x86_64-fedora-clang 2017.4-1 59.13 NOTE
r-devel-linux-x86_64-fedora-gcc 2017.4-1 47.36 OK
r-devel-windows-x86_64 2017.4-1 10.00 53.00 63.00 OK
r-devel-windows-x86_64-gcc10-UCRT 2017.4-1 OK
r-patched-linux-x86_64 2017.4-1 4.28 32.65 36.93 OK
r-patched-solaris-x86 2017.4-1 74.90 OK
r-release-linux-x86_64 2017.4-1 4.36 32.59 36.95 OK
r-release-macos-arm64 2017.4-1 OK
r-release-macos-x86_64 2017.4-1 OK
r-release-windows-ix86+x86_64 2017.4-1 9.00 55.00 64.00 OK
r-oldrel-macos-x86_64 2017.4-1 OK
r-oldrel-windows-ix86+x86_64 2017.4-1 12.00 58.00 70.00 OK

Check Details

Version: 2017.4-1
Check: Rd cross-references
Result: NOTE
    Undeclared packages ‘TSSQLite’, ‘TSMySQL’, ‘TSPostgreSQL’ in Rd xrefs
Flavor: r-devel-linux-x86_64-fedora-clang