CRAN Package Check Results for Package TSfame

Last updated on 2021-10-19 05:51:19 CEST.

Flavor Version Tinstall Tcheck Ttotal Status Flags
r-devel-linux-x86_64-debian-clang 2015.4-1 6.79 55.63 62.42 NOTE
r-devel-linux-x86_64-debian-gcc 2015.4-1 5.49 43.49 48.98 NOTE
r-devel-linux-x86_64-fedora-clang 2015.4-1 85.19 NOTE
r-devel-linux-x86_64-fedora-gcc 2015.4-1 75.49 NOTE
r-devel-windows-x86_64 2015.4-1 10.00 76.00 86.00 NOTE
r-devel-windows-x86_64-gcc10-UCRT 2015.4-1 NOTE
r-patched-linux-x86_64 2015.4-1 8.38 53.60 61.98 NOTE
r-patched-solaris-x86 2015.4-1 104.00 NOTE
r-release-linux-x86_64 2015.4-1 6.95 54.65 61.60 NOTE
r-release-macos-arm64 2015.4-1 NOTE
r-release-macos-x86_64 2015.4-1 NOTE
r-release-windows-ix86+x86_64 2015.4-1 11.00 78.00 89.00 NOTE
r-oldrel-macos-x86_64 2015.4-1 NOTE
r-oldrel-windows-ix86+x86_64 2015.4-1 16.00 84.00 100.00 NOTE

Check Details

Version: 2015.4-1
Check: R code for possible problems
Result: NOTE
    vintageMap: no visible global function definition for 'read.table'
    TSget,character-TSfameLocalConnection: no visible global function
     definition for 'as.ts'
    TSget,character-TSfameLocalConnection: no visible global function
     definition for 'zoo'
    TSget,character-TSfameLocalConnection: no visible global function
     definition for 'frequency'
    TSget,character-TSfameServerConnection: no visible global function
     definition for 'as.ts'
    TSget,character-TSfameServerConnection: no visible global function
     definition for 'zoo'
    TSget,character-TSfameServerConnection: no visible global function
     definition for 'frequency'
    Undefined global functions or variables:
     as.ts frequency read.table zoo
    Consider adding
     importFrom("stats", "as.ts", "frequency")
     importFrom("utils", "read.table")
    to your NAMESPACE file.
Flavors: r-devel-linux-x86_64-debian-clang, r-devel-linux-x86_64-debian-gcc, r-devel-linux-x86_64-fedora-clang, r-devel-linux-x86_64-fedora-gcc, r-devel-windows-x86_64, r-devel-windows-x86_64-gcc10-UCRT, r-patched-linux-x86_64, r-patched-solaris-x86, r-release-linux-x86_64, r-release-macos-arm64, r-release-macos-x86_64, r-release-windows-ix86+x86_64, r-oldrel-macos-x86_64, r-oldrel-windows-ix86+x86_64