CRAN Package Check Results for Package Table1Heatmap

Last updated on 2019-10-17 05:47:18 CEST.

Flavor Version Tinstall Tcheck Ttotal Status Flags
r-devel-linux-x86_64-debian-clang 1.1 1.74 16.70 18.44 NOTE
r-devel-linux-x86_64-debian-gcc 1.1 1.38 13.45 14.83 NOTE
r-devel-linux-x86_64-fedora-clang 1.1 23.47 NOTE
r-devel-linux-x86_64-fedora-gcc 1.1 23.21 NOTE
r-devel-windows-ix86+x86_64 1.1 8.00 31.00 39.00 NOTE
r-patched-linux-x86_64 1.1 1.46 16.40 17.86 NOTE
r-patched-solaris-x86 1.1 35.70 NOTE
r-release-linux-x86_64 1.1 1.62 16.38 18.00 NOTE
r-release-windows-ix86+x86_64 1.1 5.00 40.00 45.00 NOTE
r-release-osx-x86_64 1.1 NOTE
r-oldrel-windows-ix86+x86_64 1.1 2.00 30.00 32.00 NOTE
r-oldrel-osx-x86_64 1.1 NOTE

Check Details

Version: 1.1
Check: R code for possible problems
Result: NOTE
    .checkDimAndTest: no visible global function definition for
     'chisq.test'
    .checkDimAndTest: no visible global function definition for
     'fisher.test'
    plotTable1Heatmap: no visible global function definition for 'par'
    plotTable1Heatmap: no visible global function definition for 'image'
    plotTable1Heatmap: no visible global function definition for 'abline'
    plotTable1Heatmap: no visible global function definition for 'axis'
    plotTable1Heatmap: no visible global function definition for 'text'
    plotTable1Heatmap: no visible global function definition for 'legend'
    plotTable1Heatmap: no visible global function definition for 'box'
    Undefined global functions or variables:
     abline axis box chisq.test fisher.test image legend par text
    Consider adding
     importFrom("graphics", "abline", "axis", "box", "image", "legend",
     "par", "text")
     importFrom("stats", "chisq.test", "fisher.test")
    to your NAMESPACE file.
Flavors: r-devel-linux-x86_64-debian-clang, r-devel-linux-x86_64-debian-gcc, r-devel-linux-x86_64-fedora-clang, r-devel-linux-x86_64-fedora-gcc, r-devel-windows-ix86+x86_64, r-patched-linux-x86_64, r-patched-solaris-x86, r-release-linux-x86_64, r-release-windows-ix86+x86_64, r-release-osx-x86_64, r-oldrel-windows-ix86+x86_64, r-oldrel-osx-x86_64