Last updated on 2023-02-01 05:51:01 CET.
Flavor | Version | Tinstall | Tcheck | Ttotal | Status | Flags |
---|---|---|---|---|---|---|
r-devel-linux-x86_64-debian-clang | 2.12 | 13.95 | 100.05 | 114.00 | NOTE | |
r-devel-linux-x86_64-debian-gcc | 2.12 | 10.56 | 72.61 | 83.17 | NOTE | |
r-devel-linux-x86_64-fedora-clang | 2.12 | 139.98 | NOTE | |||
r-devel-linux-x86_64-fedora-gcc | 2.12 | 134.14 | NOTE | |||
r-devel-windows-x86_64 | 2.12 | 176.00 | 141.00 | 317.00 | NOTE | |
r-patched-linux-x86_64 | 2.12 | 14.02 | 90.86 | 104.88 | NOTE | |
r-release-linux-x86_64 | 2.12 | 13.94 | 92.93 | 106.87 | NOTE | |
r-release-macos-arm64 | 2.12 | 34.00 | NOTE | |||
r-release-macos-x86_64 | 2.12 | 52.00 | NOTE | |||
r-release-windows-x86_64 | 2.12 | 223.00 | 328.00 | 551.00 | OK | |
r-oldrel-macos-arm64 | 2.12 | 44.00 | NOTE | |||
r-oldrel-macos-x86_64 | 2.12 | 81.00 | NOTE | |||
r-oldrel-windows-ix86+x86_64 | 2.12 | 24.00 | 121.00 | 145.00 | OK |
Version: 2.12
Check: package dependencies
Result: NOTE
Package suggested but not available for checking: ‘R2wd’
Flavors: r-devel-linux-x86_64-debian-clang, r-devel-linux-x86_64-debian-gcc, r-devel-linux-x86_64-fedora-clang, r-devel-linux-x86_64-fedora-gcc, r-patched-linux-x86_64, r-release-linux-x86_64, r-release-macos-arm64, r-release-macos-x86_64, r-oldrel-macos-arm64, r-oldrel-macos-x86_64
Version: 2.12
Check: Rd files
Result: NOTE
checkRd: (-1) R2txt.Rd:164: Escaped LaTeX specials: \#
checkRd: (-1) bct.Rd:18: Escaped LaTeX specials: \^
checkRd: (-1) bct.Rd:19: Escaped LaTeX specials: \^
checkRd: (-1) ineq.Rd:10: Escaped LaTeX specials: \&
checkRd: (-1) put.points.demo.Rd:39: Escaped LaTeX specials: \^
checkRd: (-1) run.cor.examp.Rd:10: Escaped LaTeX specials: \^
checkRd: (-1) run.cor.examp.Rd:31: Escaped LaTeX specials: \^
Flavors: r-devel-linux-x86_64-debian-clang, r-devel-linux-x86_64-debian-gcc, r-devel-linux-x86_64-fedora-clang, r-devel-linux-x86_64-fedora-gcc, r-devel-windows-x86_64