CRAN Package Check Results for Package TeachingDemos

Last updated on 2024-02-25 06:08:43 CET.

Flavor Version Tinstall Tcheck Ttotal Status Flags
r-devel-linux-x86_64-debian-clang 2.13 15.56 100.43 115.99 NOTE
r-devel-linux-x86_64-debian-gcc 2.13 10.20 74.40 84.60 NOTE
r-devel-linux-x86_64-fedora-clang 2.13 143.25 NOTE
r-devel-linux-x86_64-fedora-gcc 2.13 151.03 NOTE
r-devel-windows-x86_64 2.13 19.00 124.00 143.00 OK
r-patched-linux-x86_64 2.13 17.81 104.00 121.81 NOTE
r-release-linux-x86_64 2.13 15.15 100.31 115.46 NOTE
r-release-macos-arm64 2.13 45.00 NOTE
r-release-macos-x86_64 2.13 136.00 NOTE
r-release-windows-x86_64 2.13 17.00 128.00 145.00 OK
r-oldrel-macos-arm64 2.13 44.00 NOTE
r-oldrel-windows-x86_64 2.13 20.00 123.00 143.00 OK

Check Details

Version: 2.13
Check: package dependencies
Result: NOTE Package which this enhances but not available for checking: ‘R2wd’ Flavors: r-devel-linux-x86_64-debian-clang, r-devel-linux-x86_64-debian-gcc, r-devel-linux-x86_64-fedora-clang, r-devel-linux-x86_64-fedora-gcc, r-patched-linux-x86_64, r-release-linux-x86_64, r-release-macos-arm64, r-release-macos-x86_64, r-oldrel-macos-arm64