CRAN Package Check Results for Package TopKLists

Last updated on 2021-09-27 05:51:40 CEST.

Flavor Version Tinstall Tcheck Ttotal Status Flags
r-devel-linux-x86_64-debian-clang 1.0.7 12.93 195.36 208.29 OK
r-devel-linux-x86_64-debian-gcc 1.0.7 11.09 156.64 167.73 OK
r-devel-linux-x86_64-fedora-clang 1.0.7 250.78 OK
r-devel-linux-x86_64-fedora-gcc 1.0.7 256.37 OK
r-devel-windows-x86_64 1.0.7 17.00 171.00 188.00 OK
r-devel-windows-x86_64-gcc10-UCRT 1.0.7 OK
r-patched-linux-x86_64 1.0.7 12.01 196.23 208.24 OK
r-patched-solaris-x86 1.0.7 427.90 OK
r-release-linux-x86_64 1.0.7 12.79 194.87 207.66 OK
r-release-macos-arm64 1.0.7 NOTE
r-release-macos-x86_64 1.0.7 OK
r-release-windows-ix86+x86_64 1.0.7 34.00 275.00 309.00 OK
r-oldrel-macos-x86_64 1.0.7 OK
r-oldrel-windows-ix86+x86_64 1.0.7 24.00 207.00 231.00 OK

Check Details

Version: 1.0.7
Check: package dependencies
Result: NOTE
    Packages suggested but not available for checking:
     'RGtk2', 'gWidgets2RGtk2'
Flavor: r-release-macos-arm64