CRAN Package Check Results for Package TreeDiagram

Last updated on 2021-12-03 05:52:16 CET.

Flavor Version Tinstall Tcheck Ttotal Status Flags
r-devel-linux-x86_64-debian-clang 0.1.1 6.00 57.82 63.82 OK
r-devel-linux-x86_64-debian-gcc 0.1.1 4.21 42.85 47.06 OK
r-devel-linux-x86_64-fedora-clang 0.1.1 87.39 NOTE
r-devel-linux-x86_64-fedora-gcc 0.1.1 74.05 NOTE
r-devel-windows-x86_64-new-UL 0.1.1 12.00 225.00 237.00 OK
r-devel-windows-x86_64-new-TK 0.1.1 NOTE
r-devel-windows-x86_64-old 0.1.1 11.00 58.00 69.00 OK
r-patched-linux-x86_64 0.1.1 4.76 53.09 57.85 OK
r-patched-solaris-x86 0.1.1 106.70 NOTE
r-release-linux-x86_64 0.1.1 4.38 52.20 56.58 OK
r-release-macos-arm64 0.1.1 NOTE
r-release-macos-x86_64 0.1.1 NOTE
r-release-windows-ix86+x86_64 0.1.1 15.00 77.00 92.00 OK
r-oldrel-macos-x86_64 0.1.1 NOTE
r-oldrel-windows-ix86+x86_64 0.1.1 16.00 77.00 93.00 OK

Check Details

Version: 0.1.1
Check: dependencies in R code
Result: NOTE
    Namespace in Imports field not imported from: ‘tree’
     All declared Imports should be used.
Flavors: r-devel-linux-x86_64-fedora-clang, r-devel-linux-x86_64-fedora-gcc, r-devel-windows-x86_64-new-TK, r-patched-solaris-x86, r-release-macos-arm64, r-release-macos-x86_64, r-oldrel-macos-x86_64