CRAN Package Check Results for Package TreeDist

Last updated on 2021-09-25 05:49:54 CEST.

Flavor Version Tinstall Tcheck Ttotal Status Flags
r-devel-linux-x86_64-debian-clang 2.2.0 75.82 172.15 247.97 NOTE
r-devel-linux-x86_64-debian-gcc 2.2.0 48.01 128.88 176.89 NOTE
r-devel-linux-x86_64-fedora-clang 2.2.0 329.10 NOTE
r-devel-linux-x86_64-fedora-gcc 2.2.0 311.07 NOTE
r-devel-windows-x86_64 2.2.0 70.00 177.00 247.00 NOTE
r-devel-windows-x86_64-gcc10-UCRT 2.2.0 NOTE
r-patched-linux-x86_64 2.2.0 54.21 184.19 238.40 NOTE
r-patched-solaris-x86 2.2.0 321.00 NOTE
r-release-linux-x86_64 2.2.0 50.65 183.37 234.02 NOTE
r-release-macos-arm64 2.2.0 NOTE
r-release-macos-x86_64 2.2.0 NOTE
r-release-windows-ix86+x86_64 2.2.0 156.00 285.00 441.00 NOTE
r-oldrel-macos-x86_64 2.2.0 NOTE
r-oldrel-windows-ix86+x86_64 2.2.0 125.00 248.00 373.00 NOTE

Check Details

Version: 2.2.0
Check: package dependencies
Result: NOTE
    Package suggested but not available for checking: 'TreeDistData'
Flavors: r-devel-linux-x86_64-debian-clang, r-devel-linux-x86_64-debian-gcc, r-devel-linux-x86_64-fedora-clang, r-devel-linux-x86_64-fedora-gcc, r-devel-windows-x86_64, r-devel-windows-x86_64-gcc10-UCRT, r-patched-linux-x86_64, r-patched-solaris-x86, r-release-linux-x86_64, r-release-macos-arm64, r-release-macos-x86_64, r-release-windows-ix86+x86_64, r-oldrel-macos-x86_64, r-oldrel-windows-ix86+x86_64