CRAN Package Check Results for Package TrendSLR

Last updated on 2021-09-21 05:51:41 CEST.

Flavor Version Tinstall Tcheck Ttotal Status Flags
r-devel-linux-x86_64-debian-clang 1.0 9.88 107.90 117.78 OK
r-devel-linux-x86_64-debian-gcc 1.0 8.15 78.83 86.98 OK
r-devel-linux-x86_64-fedora-clang 1.0 151.72 OK
r-devel-linux-x86_64-fedora-gcc 1.0 132.16 OK
r-devel-windows-x86_64 1.0 13.00 94.00 107.00 OK
r-devel-windows-x86_64-gcc10-UCRT 1.0 ERROR
r-patched-linux-x86_64 1.0 14.87 99.30 114.17 OK
r-patched-solaris-x86 1.0 195.00 OK
r-release-linux-x86_64 1.0 10.32 100.96 111.28 OK
r-release-macos-arm64 1.0 OK
r-release-macos-x86_64 1.0 OK
r-release-windows-ix86+x86_64 1.0 26.00 129.00 155.00 OK
r-oldrel-macos-x86_64 1.0 OK
r-oldrel-windows-ix86+x86_64 1.0 31.00 96.00 127.00 OK

Check Details

Version: 1.0
Check: whether package can be installed
Result: WARN
    Found the following significant warnings:
     WARNING: installation-time patches will not be applied, could not get the patches index
Flavor: r-devel-windows-x86_64-gcc10-UCRT

Version: 1.0
Check: PDF version of manual
Result: WARN
    LaTeX errors when creating PDF version.
    This typically indicates Rd problems.
Flavor: r-devel-windows-x86_64-gcc10-UCRT

Version: 1.0
Check: PDF version of manual without hyperrefs or index
Result: ERROR
    Re-running with no redirection of stdout/stderr.
Flavor: r-devel-windows-x86_64-gcc10-UCRT