Last updated on 2021-01-22 05:50:44 CET.
Flavor | Version | Tinstall | Tcheck | Ttotal | Status | Flags |
---|---|---|---|---|---|---|
r-devel-linux-x86_64-debian-clang | 2.2 | 49.22 | 192.73 | 241.95 | OK | |
r-devel-linux-x86_64-debian-gcc | 2.2 | 29.56 | 145.43 | 174.99 | OK | |
r-devel-linux-x86_64-fedora-clang | 2.2 | 318.15 | NOTE | |||
r-devel-linux-x86_64-fedora-gcc | 2.2 | 291.05 | OK | |||
r-devel-windows-ix86+x86_64 | 2.2 | 120.00 | 294.00 | 414.00 | OK | |
r-patched-linux-x86_64 | 2.2 | 38.57 | 185.71 | 224.28 | OK | |
r-patched-solaris-x86 | 2.2 | 687.40 | OK | |||
r-release-linux-x86_64 | 2.2 | 39.26 | 186.59 | 225.85 | OK | |
r-release-macos-x86_64 | 2.2 | OK | ||||
r-release-windows-ix86+x86_64 | 2.2 | 88.00 | 316.00 | 404.00 | OK | |
r-oldrel-macos-x86_64 | 2.2 | OK | ||||
r-oldrel-windows-ix86+x86_64 | 2.2 | 76.00 | 221.00 | 297.00 | OK |
Version: 2.2
Check: Rd cross-references
Result: NOTE
Undeclared package ‘carData’ in Rd xrefs
Flavor: r-devel-linux-x86_64-fedora-clang