CRAN Package Check Results for Package Tushare

Last updated on 2021-06-13 05:51:22 CEST.

Flavor Version Tinstall Tcheck Ttotal Status Flags
r-devel-linux-x86_64-debian-clang 0.1.3 12.17 91.71 103.88 NOTE
r-devel-linux-x86_64-debian-gcc 0.1.3 9.67 68.93 78.60 NOTE
r-devel-linux-x86_64-fedora-clang 0.1.3 129.37 NOTE
r-devel-linux-x86_64-fedora-gcc 0.1.3 116.81 NOTE
r-devel-windows-x86_64 0.1.3 20.00 167.00 187.00 NOTE
r-devel-windows-x86_64-gcc10-UCRT 0.1.3 NOTE
r-patched-linux-x86_64 0.1.3 11.64 85.95 97.59 NOTE
r-patched-solaris-x86 0.1.3 180.80 NOTE
r-release-linux-x86_64 0.1.3 11.32 84.88 96.20 NOTE
r-release-macos-arm64 0.1.3 NOTE
r-release-macos-x86_64 0.1.3 NOTE
r-release-windows-ix86+x86_64 0.1.3 30.00 111.00 141.00 NOTE
r-oldrel-macos-x86_64 0.1.3 OK
r-oldrel-windows-ix86+x86_64 0.1.3 32.00 161.00 193.00 OK

Check Details

Version: 0.1.3
Check: LazyData
Result: NOTE
     'LazyData' is specified without a 'data' directory
Flavors: r-devel-linux-x86_64-debian-clang, r-devel-linux-x86_64-debian-gcc, r-devel-linux-x86_64-fedora-clang, r-devel-linux-x86_64-fedora-gcc, r-devel-windows-x86_64, r-devel-windows-x86_64-gcc10-UCRT, r-patched-linux-x86_64, r-patched-solaris-x86, r-release-linux-x86_64, r-release-macos-arm64, r-release-macos-x86_64, r-release-windows-ix86+x86_64